[INFO] cloning repository https://github.com/AngelOfSol/dsa_hw2
[INFO] running `Command { std: "git" "-c" "credential.helper=" "-c" "credential.helper=/workspace/cargo-home/bin/git-credential-null" "clone" "--bare" "https://github.com/AngelOfSol/dsa_hw2" "/workspace/cache/git-repos/https%3A%2F%2Fgithub.com%2FAngelOfSol%2Fdsa_hw2", kill_on_drop: false }`
[INFO] [stderr] Cloning into bare repository '/workspace/cache/git-repos/https%3A%2F%2Fgithub.com%2FAngelOfSol%2Fdsa_hw2'...
[INFO] running `Command { std: "git" "rev-parse" "HEAD", kill_on_drop: false }`
[INFO] [stdout] 19d4f888968fd02fbccccaa603e42ce2dcfc5bcd
[INFO] checking AngelOfSol/dsa_hw2 against master#9610dfe5a9a731ced1ea4923ecbd0c57fe367898 for beta-170-4
[INFO] running `Command { std: "git" "clone" "/workspace/cache/git-repos/https%3A%2F%2Fgithub.com%2FAngelOfSol%2Fdsa_hw2" "/workspace/builds/worker-2-tc1/source", kill_on_drop: false }`
[INFO] [stderr] Cloning into '/workspace/builds/worker-2-tc1/source'...
[INFO] [stderr] done.
[INFO] validating manifest of git repo https://github.com/AngelOfSol/dsa_hw2 on toolchain 9610dfe5a9a731ced1ea4923ecbd0c57fe367898
[INFO] running `Command { std: CARGO_HOME="/workspace/cargo-home" RUSTUP_HOME="/workspace/rustup-home" "/workspace/cargo-home/bin/cargo" "+9610dfe5a9a731ced1ea4923ecbd0c57fe367898" "metadata" "--manifest-path" "Cargo.toml" "--no-deps", kill_on_drop: false }`
[INFO] started tweaking git repo https://github.com/AngelOfSol/dsa_hw2
[INFO] finished tweaking git repo https://github.com/AngelOfSol/dsa_hw2
[INFO] tweaked toml for git repo https://github.com/AngelOfSol/dsa_hw2 written to /workspace/builds/worker-2-tc1/source/Cargo.toml
[INFO] crate git repo https://github.com/AngelOfSol/dsa_hw2 already has a lockfile, it will not be regenerated
[INFO] running `Command { std: CARGO_HOME="/workspace/cargo-home" RUSTUP_HOME="/workspace/rustup-home" "/workspace/cargo-home/bin/cargo" "+9610dfe5a9a731ced1ea4923ecbd0c57fe367898" "fetch" "--manifest-path" "Cargo.toml", kill_on_drop: false }`
[INFO] [stderr] warning: unused manifest key: dependencies.glutin.sha
[INFO] [stderr]     Updating git repository `https://github.com/bjz/cgmath-rs`
[INFO] [stderr]     Updating git repository `https://github.com/tomaka/glium`
[INFO] [stderr]     Updating git repository `https://github.com/tomaka/glutin`
[INFO] [stderr]     Updating crates.io index
[INFO] [stderr]     Updating git repository `https://github.com/PistonDevelopers/image`
[INFO] [stderr]     Updating git repository `https://github.com/sebcrozet/nalgebra`
[INFO] [stderr]     Updating git repository `https://github.com/tomaka/android-rs-glue`
[INFO] [stderr]     Updating git repository `https://github.com/servo/rust-cocoa`
[INFO] [stderr]     Updating git repository `https://github.com/servo/rust-core-foundation`
[INFO] [stderr]     Updating git repository `https://github.com/servo/rust-core-graphics`
[INFO] [stderr]     Updating git repository `https://github.com/rust-lang/num`
[INFO] [stderr]     Blocking waiting for file lock on package cache
[INFO] [stderr]  Downloading crates ...
[INFO] [stderr]   Downloaded rustc-serialize v0.2.15
[INFO] [stderr]   Downloaded bitflags v0.1.1
[INFO] [stderr]   Downloaded khronos_api v0.0.5
[INFO] [stderr]   Downloaded rand_macros v0.1.4
[INFO] [stderr]   Downloaded libc v0.1.2
[INFO] [stderr]   Downloaded user32-sys v0.0.10
[INFO] [stderr]   Downloaded gl_generator v0.0.18
[INFO] [stderr]   Downloaded log v0.2.4
[INFO] [stderr]   Downloaded gl_common v0.0.4
[INFO] [stderr]   Downloaded gdi32-sys v0.0.4
[INFO] [stderr]   Downloaded kernel32-sys v0.0.10
[INFO] [stderr]   Downloaded rustc-serialize v0.3.0
[INFO] [stderr]   Downloaded xml-rs v0.1.19
[INFO] [stderr]   Downloaded rand v0.1.3
[INFO] [stderr]   Downloaded winapi v0.1.14
[INFO] running `Command { std: "docker" "create" "-v" "/var/lib/crater-agent-workspace/builds/worker-2-tc1/target:/opt/rustwide/target:rw,Z" "-v" "/var/lib/crater-agent-workspace/builds/worker-2-tc1/source:/opt/rustwide/workdir:ro,Z" "-v" "/var/lib/crater-agent-workspace/cargo-home:/opt/rustwide/cargo-home:ro,Z" "-v" "/var/lib/crater-agent-workspace/rustup-home:/opt/rustwide/rustup-home:ro,Z" "-e" "SOURCE_DIR=/opt/rustwide/workdir" "-e" "CARGO_TARGET_DIR=/opt/rustwide/target" "-e" "CARGO_HOME=/opt/rustwide/cargo-home" "-e" "RUSTUP_HOME=/opt/rustwide/rustup-home" "-w" "/opt/rustwide/workdir" "-m" "1610612736" "--user" "0:0" "--network" "none" "ghcr.io/rust-lang/crates-build-env/linux@sha256:19e73879b68f455e41552ea35293514db52ea292d993f571636dbffedb77a1ee" "/opt/rustwide/cargo-home/bin/cargo" "+9610dfe5a9a731ced1ea4923ecbd0c57fe367898" "metadata" "--no-deps" "--format-version=1", kill_on_drop: false }`
[INFO] [stdout] 15b8b9758cbf8f5cad9e00a5c761cd26eeeb9dce7a7c89508b217bc431203ddc
[INFO] running `Command { std: "docker" "start" "-a" "15b8b9758cbf8f5cad9e00a5c761cd26eeeb9dce7a7c89508b217bc431203ddc", kill_on_drop: false }`
[INFO] running `Command { std: "docker" "inspect" "15b8b9758cbf8f5cad9e00a5c761cd26eeeb9dce7a7c89508b217bc431203ddc", kill_on_drop: false }`
[INFO] running `Command { std: "docker" "rm" "-f" "15b8b9758cbf8f5cad9e00a5c761cd26eeeb9dce7a7c89508b217bc431203ddc", kill_on_drop: false }`
[INFO] [stdout] 15b8b9758cbf8f5cad9e00a5c761cd26eeeb9dce7a7c89508b217bc431203ddc
[INFO] running `Command { std: "docker" "create" "-v" "/var/lib/crater-agent-workspace/builds/worker-2-tc1/target:/opt/rustwide/target:rw,Z" "-v" "/var/lib/crater-agent-workspace/builds/worker-2-tc1/source:/opt/rustwide/workdir:ro,Z" "-v" "/var/lib/crater-agent-workspace/cargo-home:/opt/rustwide/cargo-home:ro,Z" "-v" "/var/lib/crater-agent-workspace/rustup-home:/opt/rustwide/rustup-home:ro,Z" "-e" "SOURCE_DIR=/opt/rustwide/workdir" "-e" "CARGO_TARGET_DIR=/opt/rustwide/target" "-e" "CARGO_INCREMENTAL=0" "-e" "RUST_BACKTRACE=full" "-e" "RUSTFLAGS=--cap-lints=forbid" "-e" "RUSTDOCFLAGS=--cap-lints=forbid" "-e" "CARGO_HOME=/opt/rustwide/cargo-home" "-e" "RUSTUP_HOME=/opt/rustwide/rustup-home" "-w" "/opt/rustwide/workdir" "-m" "1610612736" "--user" "0:0" "--network" "none" "ghcr.io/rust-lang/crates-build-env/linux@sha256:19e73879b68f455e41552ea35293514db52ea292d993f571636dbffedb77a1ee" "/opt/rustwide/cargo-home/bin/cargo" "+9610dfe5a9a731ced1ea4923ecbd0c57fe367898" "check" "--frozen" "--all" "--all-targets" "--message-format=json", kill_on_drop: false }`
[INFO] [stdout] 4e05908fbbdda45b879e80da11a92a43e0f3ca064efcbea6b612d6dfb980fdd2
[INFO] running `Command { std: "docker" "start" "-a" "4e05908fbbdda45b879e80da11a92a43e0f3ca064efcbea6b612d6dfb980fdd2", kill_on_drop: false }`
[INFO] [stderr] warning: unused manifest key: dependencies.glutin.sha
[INFO] [stderr]    Compiling bitflags v0.1.1
[INFO] [stderr]     Checking libc v0.1.2
[INFO] [stderr]    Compiling log v0.2.4
[INFO] [stderr]    Compiling khronos_api v0.0.5
[INFO] [stderr]     Checking rustc-serialize v0.3.0
[INFO] [stderr]     Checking rustc-serialize v0.2.15
[INFO] [stderr]    Compiling rand_macros v0.1.4
[INFO] [stderr]    Compiling glium_macros v0.0.1 (https://github.com/tomaka/glium#bc3af811)
[INFO] [stderr]    Compiling xml-rs v0.1.19
[INFO] [stdout] error[E0557]: feature has been removed
[INFO] [stdout]   --> /opt/rustwide/cargo-home/git/checkouts/glium-97efbf60546e7f86/bc3af81/macros/src/lib.rs:31:12
[INFO] [stdout]    |
[INFO] [stdout] 31 | #![feature(plugin_registrar)]
[INFO] [stdout]    |            ^^^^^^^^^^^^^^^^ feature has been removed
[INFO] [stdout]    |
[INFO] [stdout]    = note: a __rustc_plugin_registrar symbol must now be defined instead
[INFO] [stdout] 
[INFO] [stdout] 
[INFO] [stdout] error[E0557]: feature has been removed
[INFO] [stdout]   --> /opt/rustwide/cargo-home/git/checkouts/glium-97efbf60546e7f86/bc3af81/macros/src/lib.rs:32:12
[INFO] [stdout]    |
[INFO] [stdout] 32 | #![feature(quote)]
[INFO] [stdout]    |            ^^^^^ feature has been removed
[INFO] [stdout] 
[INFO] [stdout] 
[INFO] [stdout] error: expected identifier, found `"std"`
[INFO] [stdout]   --> /opt/rustwide/cargo-home/registry/src/index.crates.io-6f17d22bba15001f/libc-0.1.2/rust/src/liblibc/lib.rs:80:46
[INFO] [stdout]    |
[INFO] [stdout] 80 | #[cfg(feature = "cargo-build")] extern crate "std" as core;
[INFO] [stdout]    |                                              ^^^^^ expected identifier
[INFO] [stdout] 
[INFO] [stdout] 
[INFO] [stdout] error: aborting due to previous error
[INFO] [stdout] 
[INFO] [stdout] 
[INFO] [stdout] error[E0462]: found staticlib `rustc` instead of rlib or dylib
[INFO] [stdout]   --> /opt/rustwide/cargo-home/git/checkouts/glium-97efbf60546e7f86/bc3af81/macros/src/lib.rs:38:1
[INFO] [stdout]    |
[INFO] [stdout] 38 | extern crate rustc;
[INFO] [stdout]    | ^^^^^^^^^^^^^^^^^^^
[INFO] [stdout]    |
[INFO] [stdout]    = note: the following crate versions were found:
[INFO] [stdout]            crate `rustc`: /opt/rustwide/rustup-home/toolchains/9610dfe5a9a731ced1ea4923ecbd0c57fe367898/lib/rustlib/x86_64-unknown-linux-gnu/lib/librustc-nightly_rt.tsan.a
[INFO] [stdout]            crate `rustc`: /opt/rustwide/rustup-home/toolchains/9610dfe5a9a731ced1ea4923ecbd0c57fe367898/lib/rustlib/x86_64-unknown-linux-gnu/lib/librustc-nightly_rt.msan.a
[INFO] [stdout]            crate `rustc`: /opt/rustwide/rustup-home/toolchains/9610dfe5a9a731ced1ea4923ecbd0c57fe367898/lib/rustlib/x86_64-unknown-linux-gnu/lib/librustc-nightly_rt.asan.a
[INFO] [stdout]            crate `rustc`: /opt/rustwide/rustup-home/toolchains/9610dfe5a9a731ced1ea4923ecbd0c57fe367898/lib/rustlib/x86_64-unknown-linux-gnu/lib/librustc-nightly_rt.lsan.a
[INFO] [stdout]            crate `rustc`: /opt/rustwide/rustup-home/toolchains/9610dfe5a9a731ced1ea4923ecbd0c57fe367898/lib/rustlib/x86_64-unknown-linux-gnu/lib/librustc-nightly_rt.safestack.a
[INFO] [stdout]    = help: please recompile that crate using --crate-type lib
[INFO] [stdout] 
[INFO] [stdout] 
[INFO] [stdout] error[E0463]: can't find crate for `syntax`
[INFO] [stdout]   --> /opt/rustwide/cargo-home/git/checkouts/glium-97efbf60546e7f86/bc3af81/macros/src/lib.rs:39:1
[INFO] [stdout]    |
[INFO] [stdout] 39 | extern crate syntax;
[INFO] [stdout]    | ^^^^^^^^^^^^^^^^^^^^ can't find crate
[INFO] [stdout] 
[INFO] [stdout] 
[INFO] [stdout] error[E0557]: feature has been removed
[INFO] [stdout]   --> /opt/rustwide/cargo-home/registry/src/index.crates.io-6f17d22bba15001f/rand_macros-0.1.4/src/lib.rs:11:27
[INFO] [stdout]    |
[INFO] [stdout] 11 | #![feature(rustc_private, plugin_registrar)]
[INFO] [stdout]    |                           ^^^^^^^^^^^^^^^^ feature has been removed
[INFO] [stdout]    |
[INFO] [stdout]    = note: a __rustc_plugin_registrar symbol must now be defined instead
[INFO] [stdout] 
[INFO] [stdout] 
[INFO] [stderr] error: could not compile `libc` (lib) due to 2 previous errors
[INFO] [stderr] warning: build failed, waiting for other jobs to finish...
[INFO] [stdout] error[E0425]: cannot find function `at_exit` in module `rt`
[INFO] [stdout]    --> /opt/rustwide/cargo-home/registry/src/index.crates.io-6f17d22bba15001f/log-0.2.4/src/lib.rs:535:9
[INFO] [stdout]     |
[INFO] [stdout] 535 |     rt::at_exit(|| {
[INFO] [stdout]     |         ^^^^^^^ not found in `rt`
[INFO] [stdout] 
[INFO] [stdout] 
[INFO] [stdout] error[E0463]: can't find crate for `syntax`
[INFO] [stdout]   --> /opt/rustwide/cargo-home/registry/src/index.crates.io-6f17d22bba15001f/rand_macros-0.1.4/src/lib.rs:13:1
[INFO] [stdout]    |
[INFO] [stdout] 13 | extern crate syntax;
[INFO] [stdout]    | ^^^^^^^^^^^^^^^^^^^^ can't find crate
[INFO] [stdout] 
[INFO] [stdout] 
[INFO] [stdout] error[E0462]: found staticlib `rustc` instead of rlib or dylib
[INFO] [stdout]   --> /opt/rustwide/cargo-home/registry/src/index.crates.io-6f17d22bba15001f/rand_macros-0.1.4/src/lib.rs:14:1
[INFO] [stdout]    |
[INFO] [stdout] 14 | extern crate rustc;
[INFO] [stdout]    | ^^^^^^^^^^^^^^^^^^^
[INFO] [stdout]    |
[INFO] [stdout]    = note: the following crate versions were found:
[INFO] [stdout]            crate `rustc`: /opt/rustwide/rustup-home/toolchains/9610dfe5a9a731ced1ea4923ecbd0c57fe367898/lib/rustlib/x86_64-unknown-linux-gnu/lib/librustc-nightly_rt.tsan.a
[INFO] [stdout]            crate `rustc`: /opt/rustwide/rustup-home/toolchains/9610dfe5a9a731ced1ea4923ecbd0c57fe367898/lib/rustlib/x86_64-unknown-linux-gnu/lib/librustc-nightly_rt.msan.a
[INFO] [stdout]            crate `rustc`: /opt/rustwide/rustup-home/toolchains/9610dfe5a9a731ced1ea4923ecbd0c57fe367898/lib/rustlib/x86_64-unknown-linux-gnu/lib/librustc-nightly_rt.asan.a
[INFO] [stdout]            crate `rustc`: /opt/rustwide/rustup-home/toolchains/9610dfe5a9a731ced1ea4923ecbd0c57fe367898/lib/rustlib/x86_64-unknown-linux-gnu/lib/librustc-nightly_rt.lsan.a
[INFO] [stdout]            crate `rustc`: /opt/rustwide/rustup-home/toolchains/9610dfe5a9a731ced1ea4923ecbd0c57fe367898/lib/rustlib/x86_64-unknown-linux-gnu/lib/librustc-nightly_rt.safestack.a
[INFO] [stdout]    = help: please recompile that crate using --crate-type lib
[INFO] [stdout] 
[INFO] [stdout] 
[INFO] [stdout] error[E0425]: cannot find function `at_exit` in module `rt`
[INFO] [stdout]    --> /opt/rustwide/cargo-home/registry/src/index.crates.io-6f17d22bba15001f/log-0.2.4/src/lib.rs:535:9
[INFO] [stdout]     |
[INFO] [stdout] 535 |     rt::at_exit(|| {
[INFO] [stdout]     |         ^^^^^^^ not found in `rt`
[INFO] [stdout] 
[INFO] [stdout] 
[INFO] [stdout] error[E0658]: use of unstable library feature 'rt': this public module should not exist and is highly likely to disappear
[INFO] [stdout]    --> /opt/rustwide/cargo-home/registry/src/index.crates.io-6f17d22bba15001f/log-0.2.4/src/lib.rs:153:5
[INFO] [stdout]     |
[INFO] [stdout] 153 | use std::rt;
[INFO] [stdout]     |     ^^^^^^^
[INFO] [stdout]     |
[INFO] [stdout]     = help: add `#![feature(rt)]` to the crate attributes to enable
[INFO] [stdout] 
[INFO] [stdout] 
[INFO] [stdout] error[E0635]: unknown feature `std_misc`
[INFO] [stdout]    --> /opt/rustwide/cargo-home/registry/src/index.crates.io-6f17d22bba15001f/log-0.2.4/src/lib.rs:145:18
[INFO] [stdout]     |
[INFO] [stdout] 145 | #![feature(core, std_misc)]
[INFO] [stdout]     |                  ^^^^^^^^
[INFO] [stdout] 
[INFO] [stdout] 
[INFO] [stdout] error: cannot find macro `quote_stmt` in this scope
[INFO] [stdout]   --> /opt/rustwide/cargo-home/git/checkouts/glium-97efbf60546e7f86/bc3af81/macros/src/uniforms.rs:38:29
[INFO] [stdout]    |
[INFO] [stdout] 38 |             statements.push(quote_stmt!(ecx,
[INFO] [stdout]    |                             ^^^^^^^^^^
[INFO] [stdout] 
[INFO] [stdout] 
[INFO] [stdout] error: cannot find macro `quote_item` in this scope
[INFO] [stdout]   --> /opt/rustwide/cargo-home/git/checkouts/glium-97efbf60546e7f86/bc3af81/macros/src/uniforms.rs:62:28
[INFO] [stdout]    |
[INFO] [stdout] 62 |             push.call_mut((quote_item!(ecx,
[INFO] [stdout]    |                            ^^^^^^^^^^
[INFO] [stdout] 
[INFO] [stdout] 
[INFO] [stdout] error: cannot find macro `quote_item` in this scope
[INFO] [stdout]   --> /opt/rustwide/cargo-home/git/checkouts/glium-97efbf60546e7f86/bc3af81/macros/src/uniforms.rs:68:20
[INFO] [stdout]    |
[INFO] [stdout] 68 |     push.call_mut((quote_item!(ecx,
[INFO] [stdout]    |                    ^^^^^^^^^^
[INFO] [stdout] 
[INFO] [stdout] 
[INFO] [stdout] error: cannot find macro `quote_expr` in this scope
[INFO] [stdout]   --> /opt/rustwide/cargo-home/git/checkouts/glium-97efbf60546e7f86/bc3af81/macros/src/vertex.rs:63:21
[INFO] [stdout]    |
[INFO] [stdout] 63 |                     quote_expr!(ecx, {
[INFO] [stdout]    |                     ^^^^^^^^^^
[INFO] [stdout] 
[INFO] [stdout] 
[INFO] [stdout] error[E0658]: use of unstable library feature 'rt': this public module should not exist and is highly likely to disappear
[INFO] [stdout]    --> /opt/rustwide/cargo-home/registry/src/index.crates.io-6f17d22bba15001f/log-0.2.4/src/lib.rs:153:5
[INFO] [stdout]     |
[INFO] [stdout] 153 | use std::rt;
[INFO] [stdout]     |     ^^^^^^^
[INFO] [stdout]     |
[INFO] [stdout]     = help: add `#![feature(rt)]` to the crate attributes to enable
[INFO] [stdout] 
[INFO] [stdout] 
[INFO] [stdout] error: cannot find macro `quote_expr` in this scope
[INFO] [stdout]   --> /opt/rustwide/cargo-home/git/checkouts/glium-97efbf60546e7f86/bc3af81/macros/src/vertex.rs:80:13
[INFO] [stdout]    |
[INFO] [stdout] 80 |             quote_expr!(ecx, {
[INFO] [stdout]    |             ^^^^^^^^^^
[INFO] [stdout] 
[INFO] [stdout] 
[INFO] [stdout] error[E0635]: unknown feature `std_misc`
[INFO] [stdout]    --> /opt/rustwide/cargo-home/registry/src/index.crates.io-6f17d22bba15001f/log-0.2.4/src/lib.rs:145:18
[INFO] [stdout]     |
[INFO] [stdout] 145 | #![feature(core, std_misc)]
[INFO] [stdout]     |                  ^^^^^^^^
[INFO] [stdout] 
[INFO] [stdout] 
[INFO] [stdout] error: cannot find attribute `plugin_registrar` in this scope
[INFO] [stdout]   --> /opt/rustwide/cargo-home/git/checkouts/glium-97efbf60546e7f86/bc3af81/macros/src/lib.rs:47:3
[INFO] [stdout]    |
[INFO] [stdout] 47 | #[plugin_registrar]
[INFO] [stdout]    |   ^^^^^^^^^^^^^^^^
[INFO] [stdout] 
[INFO] [stdout] 
[INFO] [stdout] error[E0463]: can't find crate for `unicode`
[INFO] [stdout]   --> /opt/rustwide/cargo-home/registry/src/index.crates.io-6f17d22bba15001f/rustc-serialize-0.3.0/src/lib.rs:23:1
[INFO] [stdout]    |
[INFO] [stdout] 23 | extern crate unicode;
[INFO] [stdout]    | ^^^^^^^^^^^^^^^^^^^^^ can't find crate
[INFO] [stdout] 
[INFO] [stdout] 
[INFO] [stdout] error: cannot find attribute `plugin_registrar` in this scope
[INFO] [stdout]   --> /opt/rustwide/cargo-home/registry/src/index.crates.io-6f17d22bba15001f/rand_macros-0.1.4/src/lib.rs:28:3
[INFO] [stdout]    |
[INFO] [stdout] 28 | #[plugin_registrar]
[INFO] [stdout]    |   ^^^^^^^^^^^^^^^^
[INFO] [stdout]    |
[INFO] [stdout]    = note: `plugin_registrar` is in scope, but it is a function, not an attribute
[INFO] [stdout] 
[INFO] [stdout] 
[INFO] [stdout] error[E0463]: can't find crate for `unicode`
[INFO] [stdout]   --> /opt/rustwide/cargo-home/registry/src/index.crates.io-6f17d22bba15001f/rustc-serialize-0.2.15/src/lib.rs:23:1
[INFO] [stdout]    |
[INFO] [stdout] 23 | extern crate unicode;
[INFO] [stdout]    | ^^^^^^^^^^^^^^^^^^^^^ can't find crate
[INFO] [stdout] 
[INFO] [stdout] 
[INFO] [stdout] error: expected parameter name, found `:`
[INFO] [stdout]    --> /opt/rustwide/cargo-home/registry/src/index.crates.io-6f17d22bba15001f/xml-rs-0.1.19/src/reader/parser.rs:360:33
[INFO] [stdout]     |
[INFO] [stdout] 360 |         let invoke_callback = |&: this: &mut PullParser, t| {
[INFO] [stdout]     |                                 ^ expected parameter name
[INFO] [stdout]     |
[INFO] [stdout]     = note: type ascription syntax has been removed, see issue #101728 <https://github.com/rust-lang/rust/issues/101728>
[INFO] [stdout] 
[INFO] [stdout] 
[INFO] [stdout] error: aborting due to 10 previous errors
[INFO] [stdout] 
[INFO] [stdout] 
[INFO] [stdout] Some errors have detailed explanations: E0462, E0463, E0557.
[INFO] [stdout] 
[INFO] [stdout] For more information about an error, try `rustc --explain E0462`.
[INFO] [stdout] 
[INFO] [stdout] error: aborting due to 3 previous errors
[INFO] [stdout] 
[INFO] [stdout] 
[INFO] [stdout] Some errors have detailed explanations: E0425, E0635, E0658.
[INFO] [stdout] 
[INFO] [stdout] For more information about an error, try `rustc --explain E0425`.
[INFO] [stdout] 
[INFO] [stdout] error[E0422]: cannot find struct, variant or union type `TraitDef` in this scope
[INFO] [stdout]   --> /opt/rustwide/cargo-home/registry/src/index.crates.io-6f17d22bba15001f/rand_macros-0.1.4/src/lib.rs:42:21
[INFO] [stdout]    |
[INFO] [stdout] 42 |     let trait_def = TraitDef {
[INFO] [stdout]    |                     ^^^^^^^^ not found in this scope
[INFO] [stdout] 
[INFO] [stdout] 
[INFO] [stdout] error[E0433]: failed to resolve: use of undeclared type `Path`
[INFO] [stdout]   --> /opt/rustwide/cargo-home/registry/src/index.crates.io-6f17d22bba15001f/rand_macros-0.1.4/src/lib.rs:45:15
[INFO] [stdout]    |
[INFO] [stdout] 45 |         path: Path::new(vec!("rand", "Rand")),
[INFO] [stdout]    |               ^^^^ use of undeclared type `Path`
[INFO] [stdout]    |
[INFO] [stdout] help: consider importing this struct
[INFO] [stdout]    |
[INFO] [stdout] 16 + use std::path::Path;
[INFO] [stdout]    |
[INFO] [stdout] 
[INFO] [stdout] 
[INFO] [stdout] error[E0422]: cannot find struct, variant or union type `MethodDef` in this scope
[INFO] [stdout]   --> /opt/rustwide/cargo-home/registry/src/index.crates.io-6f17d22bba15001f/rand_macros-0.1.4/src/lib.rs:49:13
[INFO] [stdout]    |
[INFO] [stdout] 49 |             MethodDef {
[INFO] [stdout]    |             ^^^^^^^^^ not found in this scope
[INFO] [stdout] 
[INFO] [stdout] 
[INFO] [stdout] error[E0422]: cannot find struct, variant or union type `LifetimeBounds` in this scope
[INFO] [stdout]   --> /opt/rustwide/cargo-home/registry/src/index.crates.io-6f17d22bba15001f/rand_macros-0.1.4/src/lib.rs:51:27
[INFO] [stdout]    |
[INFO] [stdout] 51 |                 generics: LifetimeBounds {
[INFO] [stdout]    |                           ^^^^^^^^^^^^^^ not found in this scope
[INFO] [stdout] 
[INFO] [stdout] 
[INFO] [stdout] error[E0433]: failed to resolve: use of undeclared type `Path`
[INFO] [stdout]   --> /opt/rustwide/cargo-home/registry/src/index.crates.io-6f17d22bba15001f/rand_macros-0.1.4/src/lib.rs:54:41
[INFO] [stdout]    |
[INFO] [stdout] 54 | ...                   vec!( Path::new(vec!("rand", "Rng")) )))
[INFO] [stdout]    |                             ^^^^ use of undeclared type `Path`
[INFO] [stdout]    |
[INFO] [stdout] help: consider importing this struct
[INFO] [stdout]    |
[INFO] [stdout] 16 + use std::path::Path;
[INFO] [stdout]    |
[INFO] [stdout] 
[INFO] [stdout] 
[INFO] [stdout] error[E0433]: failed to resolve: use of undeclared type `Path`
[INFO] [stdout]   --> /opt/rustwide/cargo-home/registry/src/index.crates.io-6f17d22bba15001f/rand_macros-0.1.4/src/lib.rs:58:42
[INFO] [stdout]    |
[INFO] [stdout] 58 |                     Ptr(Box::new(Literal(Path::new_local("R"))),
[INFO] [stdout]    |                                          ^^^^ use of undeclared type `Path`
[INFO] [stdout]    |
[INFO] [stdout] help: consider importing this struct
[INFO] [stdout]    |
[INFO] [stdout] 16 + use std::path::Path;
[INFO] [stdout]    |
[INFO] [stdout] 
[INFO] [stdout] 
[INFO] [stderr] error: could not compile `glium_macros` (lib) due to 11 previous errors
[INFO] [stdout] error[E0425]: cannot find function, tuple struct or tuple variant `Borrowed` in this scope
[INFO] [stdout]   --> /opt/rustwide/cargo-home/registry/src/index.crates.io-6f17d22bba15001f/rand_macros-0.1.4/src/lib.rs:59:25
[INFO] [stdout]    |
[INFO] [stdout] 59 |                         Borrowed(None, ast::MutMutable))
[INFO] [stdout]    |                         ^^^^^^^^ not found in this scope
[INFO] [stdout]    |
[INFO] [stdout] help: consider importing this tuple variant
[INFO] [stdout]    |
[INFO] [stdout] 16 + use std::borrow::Cow::Borrowed;
[INFO] [stdout]    |
[INFO] [stdout] 
[INFO] [stdout] 
[INFO] [stdout] error[E0425]: cannot find value `Self_` in this scope
[INFO] [stdout]   --> /opt/rustwide/cargo-home/registry/src/index.crates.io-6f17d22bba15001f/rand_macros-0.1.4/src/lib.rs:61:25
[INFO] [stdout]    |
[INFO] [stdout] 61 |                 ret_ty: Self_,
[INFO] [stdout]    |                         ^^^^^ not found in this scope
[INFO] [stdout] 
[INFO] [stdout] 
[INFO] [stdout] error[E0412]: cannot find type `Substructure` in this scope
[INFO] [stdout]   --> /opt/rustwide/cargo-home/registry/src/index.crates.io-6f17d22bba15001f/rand_macros-0.1.4/src/lib.rs:73:67
[INFO] [stdout]    |
[INFO] [stdout] 73 | fn rand_substructure(cx: &mut ExtCtxt, trait_span: Span, substr: &Substructure) -> P<Expr> {
[INFO] [stdout]    |                                                                   ^^^^^^^^^^^^ not found in this scope
[INFO] [stdout] 
[INFO] [stdout] 
[INFO] [stdout] error[E0531]: cannot find tuple struct or tuple variant `StaticStruct` in this scope
[INFO] [stdout]   --> /opt/rustwide/cargo-home/registry/src/index.crates.io-6f17d22bba15001f/rand_macros-0.1.4/src/lib.rs:90:9
[INFO] [stdout]    |
[INFO] [stdout] 90 |         StaticStruct(_, ref summary) => {
[INFO] [stdout]    |         ^^^^^^^^^^^^ not found in this scope
[INFO] [stdout] 
[INFO] [stdout] 
[INFO] [stdout] error[E0531]: cannot find tuple struct or tuple variant `StaticEnum` in this scope
[INFO] [stdout]   --> /opt/rustwide/cargo-home/registry/src/index.crates.io-6f17d22bba15001f/rand_macros-0.1.4/src/lib.rs:94:9
[INFO] [stdout]    |
[INFO] [stdout] 94 |         StaticEnum(_, ref variants) => {
[INFO] [stdout]    |         ^^^^^^^^^^ not found in this scope
[INFO] [stdout] 
[INFO] [stdout] 
[INFO] [stderr] error: could not compile `log` (lib) due to 4 previous errors
[INFO] [stdout] error[E0412]: cannot find type `StaticFields` in this scope
[INFO] [stdout]    --> /opt/rustwide/cargo-home/registry/src/index.crates.io-6f17d22bba15001f/rand_macros-0.1.4/src/lib.rs:155:32
[INFO] [stdout]     |
[INFO] [stdout] 155 |                      summary: &StaticFields,
[INFO] [stdout]     |                                ^^^^^^^^^^^^ not found in this scope
[INFO] [stdout] 
[INFO] [stdout] 
[INFO] [stdout] error[E0531]: cannot find tuple struct or tuple variant `Unnamed` in this scope
[INFO] [stdout]    --> /opt/rustwide/cargo-home/registry/src/index.crates.io-6f17d22bba15001f/rand_macros-0.1.4/src/lib.rs:162:13
[INFO] [stdout]     |
[INFO] [stdout] 162 |             Unnamed(ref fields) => {
[INFO] [stdout]     |             ^^^^^^^ not found in this scope
[INFO] [stdout] 
[INFO] [stdout] 
[INFO] [stdout] error[E0531]: cannot find tuple struct or tuple variant `Named` in this scope
[INFO] [stdout]    --> /opt/rustwide/cargo-home/registry/src/index.crates.io-6f17d22bba15001f/rand_macros-0.1.4/src/lib.rs:170:13
[INFO] [stdout]     |
[INFO] [stdout] 170 |             Named(ref fields) => {
[INFO] [stdout]     |             ^^^^^ not found in this scope
[INFO] [stdout] 
[INFO] [stdout] 
[INFO] [stdout] error: aborting due to 3 previous errors
[INFO] [stdout] 
[INFO] [stdout] 
[INFO] [stdout] Some errors have detailed explanations: E0425, E0635, E0658.
[INFO] [stdout] 
[INFO] [stdout] For more information about an error, try `rustc --explain E0425`.
[INFO] [stdout] 
[INFO] [stdout] error[E0433]: failed to resolve: use of undeclared type `LifetimeBounds`
[INFO] [stdout]   --> /opt/rustwide/cargo-home/registry/src/index.crates.io-6f17d22bba15001f/rand_macros-0.1.4/src/lib.rs:47:19
[INFO] [stdout]    |
[INFO] [stdout] 47 |         generics: LifetimeBounds::empty(),
[INFO] [stdout]    |                   ^^^^^^^^^^^^^^ use of undeclared type `LifetimeBounds`
[INFO] [stdout] 
[INFO] [stdout] 
[INFO] [stdout] error[E0425]: cannot find function, tuple struct or tuple variant `Literal` in this scope
[INFO] [stdout]   --> /opt/rustwide/cargo-home/registry/src/index.crates.io-6f17d22bba15001f/rand_macros-0.1.4/src/lib.rs:58:34
[INFO] [stdout]    |
[INFO] [stdout] 58 |                     Ptr(Box::new(Literal(Path::new_local("R"))),
[INFO] [stdout]    |                                  ^^^^^^^ not found in this scope
[INFO] [stdout] 
[INFO] [stdout] 
[INFO] [stdout] error[E0425]: cannot find function, tuple struct or tuple variant `Ptr` in this scope
[INFO] [stdout]   --> /opt/rustwide/cargo-home/registry/src/index.crates.io-6f17d22bba15001f/rand_macros-0.1.4/src/lib.rs:58:21
[INFO] [stdout]    |
[INFO] [stdout] 58 |                     Ptr(Box::new(Literal(Path::new_local("R"))),
[INFO] [stdout]    |                     ^^^ not found in this scope
[INFO] [stdout] 
[INFO] [stdout] 
[INFO] [stderr] error: could not compile `log` (lib) due to 4 previous errors
[INFO] [stdout] error[E0425]: cannot find function `combine_substructure` in this scope
[INFO] [stdout]   --> /opt/rustwide/cargo-home/registry/src/index.crates.io-6f17d22bba15001f/rand_macros-0.1.4/src/lib.rs:63:39
[INFO] [stdout]    |
[INFO] [stdout] 63 |                 combine_substructure: combine_substructure(Box::new(|a, b, c| {
[INFO] [stdout]    |                                       ^^^^^^^^^^^^^^^^^^^^ help: a function with a similar name exists: `rand_substructure`
[INFO] [stdout] ...
[INFO] [stdout] 73 | fn rand_substructure(cx: &mut ExtCtxt, trait_span: Span, substr: &Substructure) -> P<Expr> {
[INFO] [stdout]    | ------------------------------------------------------------------------------------------ similarly named function `rand_substructure` defined here
[INFO] [stdout] 
[INFO] [stdout] 
[INFO] [stdout] error[E0642]: patterns aren't allowed in functions without bodies
[INFO] [stdout]    --> /opt/rustwide/cargo-home/registry/src/index.crates.io-6f17d22bba15001f/rustc-serialize-0.3.0/src/serialize.rs:144:45
[INFO] [stdout]     |
[INFO] [stdout] 144 | ...                   &f_name: &str,
[INFO] [stdout]     |                       ^^^^^^^ pattern not allowed in function without body
[INFO] [stdout] 
[INFO] [stdout] 
[INFO] [stdout] error[E0642]: patterns aren't allowed in functions without bodies
[INFO] [stdout]    --> /opt/rustwide/cargo-home/registry/src/index.crates.io-6f17d22bba15001f/rustc-serialize-0.2.15/src/serialize.rs:144:45
[INFO] [stdout]     |
[INFO] [stdout] 144 | ...                   &f_name: &str,
[INFO] [stdout]     |                       ^^^^^^^ pattern not allowed in function without body
[INFO] [stdout] 
[INFO] [stdout] 
[INFO] [stdout] error[E0432]: unresolved import `std::borrow::IntoCow`
[INFO] [stdout]  --> /opt/rustwide/cargo-home/registry/src/index.crates.io-6f17d22bba15001f/xml-rs-0.1.19/src/name.rs:3:19
[INFO] [stdout]   |
[INFO] [stdout] 3 | use std::borrow::{IntoCow, ToOwned};
[INFO] [stdout]   |                   ^^^^^^^ no `IntoCow` in `borrow`
[INFO] [stdout] 
[INFO] [stdout] 
[INFO] [stdout] error[E0432]: unresolved import `std::string::CowString`
[INFO] [stdout]  --> /opt/rustwide/cargo-home/registry/src/index.crates.io-6f17d22bba15001f/xml-rs-0.1.19/src/escape.rs:3:5
[INFO] [stdout]   |
[INFO] [stdout] 3 | use std::string::CowString;
[INFO] [stdout]   |     ^^^^^^^^^^^^^---------
[INFO] [stdout]   |     |            |
[INFO] [stdout]   |     |            help: a similar name exists in the module: `ToString`
[INFO] [stdout]   |     no `CowString` in `string`
[INFO] [stdout] 
[INFO] [stdout] 
[INFO] [stdout] error[E0432]: unresolved import `std::borrow::IntoCow`
[INFO] [stdout]  --> /opt/rustwide/cargo-home/registry/src/index.crates.io-6f17d22bba15001f/xml-rs-0.1.19/src/namespace.rs:1:5
[INFO] [stdout]   |
[INFO] [stdout] 1 | use std::borrow::IntoCow;
[INFO] [stdout]   |     ^^^^^^^^^^^^^^^^^^^^ no `IntoCow` in `borrow`
[INFO] [stdout] 
[INFO] [stdout] 
[INFO] [stdout] error[E0432]: unresolved import `std::old_io`
[INFO] [stdout]  --> /opt/rustwide/cargo-home/registry/src/index.crates.io-6f17d22bba15001f/xml-rs-0.1.19/src/reader/mod.rs:6:10
[INFO] [stdout]   |
[INFO] [stdout] 6 | use std::old_io::Buffer;
[INFO] [stdout]   |          ^^^^^^ could not find `old_io` in `std`
[INFO] [stdout] 
[INFO] [stdout] 
[INFO] [stdout] error[E0432]: unresolved import `std::old_io`
[INFO] [stdout]  --> /opt/rustwide/cargo-home/registry/src/index.crates.io-6f17d22bba15001f/xml-rs-0.1.19/src/reader/mod.rs:7:10
[INFO] [stdout]   |
[INFO] [stdout] 7 | use std::old_io::{MemReader, BufReader};
[INFO] [stdout]   |          ^^^^^^ could not find `old_io` in `std`
[INFO] [stdout] 
[INFO] [stdout] 
[INFO] [stdout] error[E0432]: unresolved import `std::num::from_str_radix`
[INFO] [stdout]    --> /opt/rustwide/cargo-home/registry/src/index.crates.io-6f17d22bba15001f/xml-rs-0.1.19/src/reader/parser.rs:981:13
[INFO] [stdout]     |
[INFO] [stdout] 981 |         use std::num::from_str_radix;
[INFO] [stdout]     |             ^^^^^^^^^^^^^^^^^^^^^^^^ no `from_str_radix` in `num`
[INFO] [stdout] 
[INFO] [stdout] 
[INFO] [stdout] error[E0432]: unresolved import `std::old_io`
[INFO] [stdout]  --> /opt/rustwide/cargo-home/registry/src/index.crates.io-6f17d22bba15001f/xml-rs-0.1.19/src/writer/mod.rs:4:10
[INFO] [stdout]   |
[INFO] [stdout] 4 | use std::old_io::MemWriter;
[INFO] [stdout]   |          ^^^^^^ could not find `old_io` in `std`
[INFO] [stdout] 
[INFO] [stdout] 
[INFO] [stdout] error[E0432]: unresolved import `std::old_io`
[INFO] [stdout]  --> /opt/rustwide/cargo-home/registry/src/index.crates.io-6f17d22bba15001f/xml-rs-0.1.19/src/writer/emitter.rs:1:5
[INFO] [stdout]   |
[INFO] [stdout] 1 | use std::old_io;
[INFO] [stdout]   |     ^^^^^^^^^^^ no `old_io` in the root
[INFO] [stdout] 
[INFO] [stdout] 
[INFO] [stdout] error[E0432]: unresolved import `std::ffi::AsOsStr`
[INFO] [stdout]   --> /opt/rustwide/cargo-home/registry/src/index.crates.io-6f17d22bba15001f/rustc-serialize-0.3.0/src/serialize.rs:18:16
[INFO] [stdout]    |
[INFO] [stdout] 18 | use std::ffi::{AsOsStr, OsString};
[INFO] [stdout]    |                ^^^^^^^
[INFO] [stdout]    |                |
[INFO] [stdout]    |                no `AsOsStr` in `ffi`
[INFO] [stdout]    |                help: a similar name exists in the module: `OsStr`
[INFO] [stdout] 
[INFO] [stdout] 
[INFO] [stdout] error[E0432]: unresolved import `std::ffi::AsOsStr`
[INFO] [stdout]   --> /opt/rustwide/cargo-home/registry/src/index.crates.io-6f17d22bba15001f/rustc-serialize-0.2.15/src/serialize.rs:18:16
[INFO] [stdout]    |
[INFO] [stdout] 18 | use std::ffi::{AsOsStr, OsString};
[INFO] [stdout]    |                ^^^^^^^
[INFO] [stdout]    |                |
[INFO] [stdout]    |                no `AsOsStr` in `ffi`
[INFO] [stdout]    |                help: a similar name exists in the module: `OsStr`
[INFO] [stdout] 
[INFO] [stdout] 
[INFO] [stdout] error[E0432]: unresolved import `std::old_path`
[INFO] [stdout]   --> /opt/rustwide/cargo-home/registry/src/index.crates.io-6f17d22bba15001f/rustc-serialize-0.3.0/src/serialize.rs:19:10
[INFO] [stdout]    |
[INFO] [stdout] 19 | use std::old_path::{PosixPath, WindowsPath};
[INFO] [stdout]    |          ^^^^^^^^ could not find `old_path` in `std`
[INFO] [stdout] 
[INFO] [stdout] 
[INFO] [stdout] error[E0432]: unresolved import `std::old_path`
[INFO] [stdout]   --> /opt/rustwide/cargo-home/registry/src/index.crates.io-6f17d22bba15001f/rustc-serialize-0.2.15/src/serialize.rs:19:10
[INFO] [stdout]    |
[INFO] [stdout] 19 | use std::old_path::{PosixPath, WindowsPath};
[INFO] [stdout]    |          ^^^^^^^^ could not find `old_path` in `std`
[INFO] [stdout] 
[INFO] [stdout] 
[INFO] [stdout] error[E0432]: unresolved import `std::os::unix::OsStrExt`
[INFO] [stdout]    --> /opt/rustwide/cargo-home/registry/src/index.crates.io-6f17d22bba15001f/rustc-serialize-0.2.15/src/serialize.rs:572:13
[INFO] [stdout]     |
[INFO] [stdout] 572 |         use std::os::unix::OsStrExt;
[INFO] [stdout]     |             ^^^^^^^^^^^^^^^^^^^^^^^ no `OsStrExt` in `os::unix`
[INFO] [stdout]     |
[INFO] [stdout] help: consider importing this trait instead
[INFO] [stdout]     |
[INFO] [stdout] 572 |         use std::os::unix::prelude::OsStrExt;
[INFO] [stdout]     |             ~~~~~~~~~~~~~~~~~~~~~~~~~~~~~~~~
[INFO] [stdout] 
[INFO] [stdout] 
[INFO] [stdout] error[E0432]: unresolved import `std::os::unix::OsStrExt`
[INFO] [stdout]    --> /opt/rustwide/cargo-home/registry/src/index.crates.io-6f17d22bba15001f/rustc-serialize-0.3.0/src/serialize.rs:572:13
[INFO] [stdout]     |
[INFO] [stdout] 572 |         use std::os::unix::OsStrExt;
[INFO] [stdout]     |             ^^^^^^^^^^^^^^^^^^^^^^^ no `OsStrExt` in `os::unix`
[INFO] [stdout]     |
[INFO] [stdout] help: consider importing this trait instead
[INFO] [stdout]     |
[INFO] [stdout] 572 |         use std::os::unix::prelude::OsStrExt;
[INFO] [stdout]     |             ~~~~~~~~~~~~~~~~~~~~~~~~~~~~~~~~
[INFO] [stdout] 
[INFO] [stdout] 
[INFO] [stdout] error[E0432]: unresolved import `std::os::unix::OsStringExt`
[INFO] [stdout]    --> /opt/rustwide/cargo-home/registry/src/index.crates.io-6f17d22bba15001f/rustc-serialize-0.3.0/src/serialize.rs:592:13
[INFO] [stdout]     |
[INFO] [stdout] 592 |         use std::os::unix::OsStringExt;
[INFO] [stdout]     |             ^^^^^^^^^^^^^^^^^^^^^^^^^^ no `OsStringExt` in `os::unix`
[INFO] [stdout]     |
[INFO] [stdout] help: consider importing this trait instead
[INFO] [stdout]     |
[INFO] [stdout] 592 |         use std::os::unix::prelude::OsStringExt;
[INFO] [stdout]     |             ~~~~~~~~~~~~~~~~~~~~~~~~~~~~~~~~~~~
[INFO] [stdout] 
[INFO] [stdout] 
[INFO] [stdout] error[E0432]: unresolved import `std::os::unix::OsStringExt`
[INFO] [stdout]    --> /opt/rustwide/cargo-home/registry/src/index.crates.io-6f17d22bba15001f/rustc-serialize-0.2.15/src/serialize.rs:592:13
[INFO] [stdout]     |
[INFO] [stdout] 592 |         use std::os::unix::OsStringExt;
[INFO] [stdout]     |             ^^^^^^^^^^^^^^^^^^^^^^^^^^ no `OsStringExt` in `os::unix`
[INFO] [stdout]     |
[INFO] [stdout] help: consider importing this trait instead
[INFO] [stdout]     |
[INFO] [stdout] 592 |         use std::os::unix::prelude::OsStringExt;
[INFO] [stdout]     |             ~~~~~~~~~~~~~~~~~~~~~~~~~~~~~~~~~~~
[INFO] [stdout] 
[INFO] [stdout] 
[INFO] [stdout] error[E0432]: unresolved import `std::collections::VecMap`
[INFO] [stdout]   --> /opt/rustwide/cargo-home/registry/src/index.crates.io-6f17d22bba15001f/rustc-serialize-0.3.0/src/collection_impls.rs:17:84
[INFO] [stdout]    |
[INFO] [stdout] 17 | use std::collections::{LinkedList, VecDeque, BTreeMap, BTreeSet, HashMap, HashSet, VecMap};
[INFO] [stdout]    |                                                                                    ^^^^^^ no `VecMap` in `collections`
[INFO] [stdout] 
[INFO] [stdout] 
[INFO] [stdout] error[E0432]: unresolved import `std::collections::VecMap`
[INFO] [stdout]   --> /opt/rustwide/cargo-home/registry/src/index.crates.io-6f17d22bba15001f/rustc-serialize-0.2.15/src/collection_impls.rs:17:84
[INFO] [stdout]    |
[INFO] [stdout] 17 | use std::collections::{LinkedList, VecDeque, BTreeMap, BTreeSet, HashMap, HashSet, VecMap};
[INFO] [stdout]    |                                                                                    ^^^^^^ no `VecMap` in `collections`
[INFO] [stdout] 
[INFO] [stdout] 
[INFO] [stdout] error[E0432]: unresolved import `std::collections::hash_state`
[INFO] [stdout]   --> /opt/rustwide/cargo-home/registry/src/index.crates.io-6f17d22bba15001f/rustc-serialize-0.3.0/src/collection_impls.rs:18:23
[INFO] [stdout]    |
[INFO] [stdout] 18 | use std::collections::hash_state::HashState;
[INFO] [stdout]    |                       ^^^^^^^^^^ could not find `hash_state` in `collections`
[INFO] [stdout] 
[INFO] [stdout] 
[INFO] [stdout] error[E0432]: unresolved import `std::collections::hash_state`
[INFO] [stdout]   --> /opt/rustwide/cargo-home/registry/src/index.crates.io-6f17d22bba15001f/rustc-serialize-0.2.15/src/collection_impls.rs:18:23
[INFO] [stdout]    |
[INFO] [stdout] 18 | use std::collections::hash_state::HashState;
[INFO] [stdout]    |                       ^^^^^^^^^^ could not find `hash_state` in `collections`
[INFO] [stdout] 
[INFO] [stdout] 
[INFO] [stdout] error[E0432]: unresolved imports `std::num::Float`, `std::num::Int`
[INFO] [stdout]    --> /opt/rustwide/cargo-home/registry/src/index.crates.io-6f17d22bba15001f/rustc-serialize-0.3.0/src/json.rs:249:16
[INFO] [stdout]     |
[INFO] [stdout] 249 | use std::num::{Float, Int};
[INFO] [stdout]     |                ^^^^^  ^^^ no `Int` in `num`
[INFO] [stdout]     |                |
[INFO] [stdout]     |                no `Float` in `num`
[INFO] [stdout] 
[INFO] [stdout] 
[INFO] [stdout] error[E0618]: expected function, found `F`
[INFO] [stdout]    --> /opt/rustwide/cargo-home/registry/src/index.crates.io-6f17d22bba15001f/rand_macros-0.1.4/src/lib.rs:166:58
[INFO] [stdout]     |
[INFO] [stdout] 156 |                      mut rand_call: F)
[INFO] [stdout]     |                      ------------- `rand_call` has type `F`
[INFO] [stdout] ...
[INFO] [stdout] 166 |                     let exprs = fields.iter().map(|span| rand_call(cx, *span)).collect();
[INFO] [stdout]     |                                                          ^^^^^^^^^-----------
[INFO] [stdout]     |                                                          |
[INFO] [stdout]     |                                                          call expression requires function
[INFO] [stdout] 
[INFO] [stdout] 
[INFO] [stdout] error[E0432]: unresolved imports `std::num::Float`, `std::num::Int`
[INFO] [stdout]    --> /opt/rustwide/cargo-home/registry/src/index.crates.io-6f17d22bba15001f/rustc-serialize-0.2.15/src/json.rs:249:16
[INFO] [stdout]     |
[INFO] [stdout] 249 | use std::num::{Float, Int};
[INFO] [stdout]     |                ^^^^^  ^^^ no `Int` in `num`
[INFO] [stdout]     |                |
[INFO] [stdout]     |                no `Float` in `num`
[INFO] [stdout] 
[INFO] [stdout] 
[INFO] [stdout] error[E0432]: unresolved import `std::old_io`
[INFO] [stdout]    --> /opt/rustwide/cargo-home/registry/src/index.crates.io-6f17d22bba15001f/rustc-serialize-0.2.15/src/json.rs:253:27
[INFO] [stdout]     |
[INFO] [stdout] 253 | use std::{char, f64, fmt, old_io, num, str};
[INFO] [stdout]     |                           ^^^^^^ no `old_io` in the root
[INFO] [stdout] 
[INFO] [stdout] 
[INFO] [stdout] error[E0618]: expected function, found `F`
[INFO] [stdout]    --> /opt/rustwide/cargo-home/registry/src/index.crates.io-6f17d22bba15001f/rand_macros-0.1.4/src/lib.rs:172:29
[INFO] [stdout]     |
[INFO] [stdout] 156 |                      mut rand_call: F)
[INFO] [stdout]     |                      ------------- `rand_call` has type `F`
[INFO] [stdout] ...
[INFO] [stdout] 172 |                     let e = rand_call(cx, span);
[INFO] [stdout]     |                             ^^^^^^^^^----------
[INFO] [stdout]     |                             |
[INFO] [stdout]     |                             call expression requires function
[INFO] [stdout] 
[INFO] [stdout] 
[INFO] [stdout] error: aborting due to 24 previous errors
[INFO] [stdout] 
[INFO] [stdout] 
[INFO] [stdout] Some errors have detailed explanations: E0412, E0422, E0425, E0433, E0462, E0463, E0531, E0557, E0618.
[INFO] [stdout] 
[INFO] [stdout] For more information about an error, try `rustc --explain E0412`.
[INFO] [stdout] 
[INFO] [stdout] error[E0405]: cannot find trait `Buffer` in this scope
[INFO] [stdout]    --> /opt/rustwide/cargo-home/registry/src/index.crates.io-6f17d22bba15001f/xml-rs-0.1.19/src/reader/lexer.rs:250:26
[INFO] [stdout]     |
[INFO] [stdout] 250 |     pub fn next_token<B: Buffer>(&mut self, b: &mut B) -> Option<LexResult> {
[INFO] [stdout]     |                          ^^^^^^ not found in this scope
[INFO] [stdout] 
[INFO] [stdout] 
[INFO] [stdout] error[E0405]: cannot find trait `Buffer` in this scope
[INFO] [stdout]    --> /opt/rustwide/cargo-home/registry/src/index.crates.io-6f17d22bba15001f/xml-rs-0.1.19/src/reader/parser.rs:231:20
[INFO] [stdout]     |
[INFO] [stdout] 231 |     pub fn next<B: Buffer>(&mut self, r: &mut B) -> XmlEvent {
[INFO] [stdout]     |                    ^^^^^^ not found in this scope
[INFO] [stdout] 
[INFO] [stdout] 
[INFO] [stdout] error[E0405]: cannot find trait `Writer` in this scope
[INFO] [stdout]    --> /opt/rustwide/cargo-home/registry/src/index.crates.io-6f17d22bba15001f/xml-rs-0.1.19/src/writer/emitter.rs:154:25
[INFO] [stdout]     |
[INFO] [stdout] 154 |     fn write_newline<W: Writer>(&mut self, target: &mut W, level: usize) -> EmitterResult<()> {
[INFO] [stdout]     |                         ^^^^^^ not found in this scope
[INFO] [stdout] 
[INFO] [stdout] 
[INFO] [stderr] error: could not compile `rand_macros` (lib) due to 25 previous errors
[INFO] [stdout] error[E0423]: expected function, found module `iter::range`
[INFO] [stdout]    --> /opt/rustwide/cargo-home/registry/src/index.crates.io-6f17d22bba15001f/xml-rs-0.1.19/src/writer/emitter.rs:156:18
[INFO] [stdout]     |
[INFO] [stdout] 156 |         for _ in iter::range(0, level) {
[INFO] [stdout]     |                  ^^^^^^^^^^^ not a function
[INFO] [stdout]     |
[INFO] [stdout] help: consider importing this function instead
[INFO] [stdout]     |
[INFO] [stdout] 1   + use core::slice::range;
[INFO] [stdout]     |
[INFO] [stdout] help: if you import `range`, refer to it directly
[INFO] [stdout]     |
[INFO] [stdout] 156 -         for _ in iter::range(0, level) {
[INFO] [stdout] 156 +         for _ in range(0, level) {
[INFO] [stdout]     |
[INFO] [stdout] 
[INFO] [stdout] 
[INFO] [stdout] error[E0405]: cannot find trait `Writer` in this scope
[INFO] [stdout]    --> /opt/rustwide/cargo-home/registry/src/index.crates.io-6f17d22bba15001f/xml-rs-0.1.19/src/writer/emitter.rs:162:25
[INFO] [stdout]     |
[INFO] [stdout] 162 |     fn before_markup<W: Writer>(&mut self, target: &mut W) -> EmitterResult<()> {
[INFO] [stdout]     |                         ^^^^^^ not found in this scope
[INFO] [stdout] 
[INFO] [stdout] 
[INFO] [stdout] error[E0405]: cannot find trait `Writer` in this scope
[INFO] [stdout]    --> /opt/rustwide/cargo-home/registry/src/index.crates.io-6f17d22bba15001f/xml-rs-0.1.19/src/writer/emitter.rs:177:32
[INFO] [stdout]     |
[INFO] [stdout] 177 |     fn before_start_element<W: Writer>(&mut self, target: &mut W) -> EmitterResult<()> {
[INFO] [stdout]     |                                ^^^^^^ not found in this scope
[INFO] [stdout] 
[INFO] [stdout] 
[INFO] [stdout] error[E0405]: cannot find trait `Writer` in this scope
[INFO] [stdout]    --> /opt/rustwide/cargo-home/registry/src/index.crates.io-6f17d22bba15001f/xml-rs-0.1.19/src/writer/emitter.rs:188:30
[INFO] [stdout]     |
[INFO] [stdout] 188 |     fn before_end_element<W: Writer>(&mut self, target: &mut W) -> EmitterResult<()> {
[INFO] [stdout]     |                              ^^^^^^ not found in this scope
[INFO] [stdout] 
[INFO] [stdout] 
[INFO] [stdout] error[E0405]: cannot find trait `Writer` in this scope
[INFO] [stdout]    --> /opt/rustwide/cargo-home/registry/src/index.crates.io-6f17d22bba15001f/xml-rs-0.1.19/src/writer/emitter.rs:209:35
[INFO] [stdout]     |
[INFO] [stdout] 209 |     pub fn emit_start_document<W: Writer>(&mut self, target: &mut W, 
[INFO] [stdout]     |                                   ^^^^^^ not found in this scope
[INFO] [stdout] 
[INFO] [stdout] 
[INFO] [stdout] error[E0405]: cannot find trait `Writer` in this scope
[INFO] [stdout]    --> /opt/rustwide/cargo-home/registry/src/index.crates.io-6f17d22bba15001f/xml-rs-0.1.19/src/writer/emitter.rs:234:34
[INFO] [stdout]     |
[INFO] [stdout] 234 |     fn check_document_started<W: Writer>(&mut self, target: &mut W) -> EmitterResult<()> {
[INFO] [stdout]     |                                  ^^^^^^ not found in this scope
[INFO] [stdout] 
[INFO] [stdout] 
[INFO] [stdout] error[E0405]: cannot find trait `Writer` in this scope
[INFO] [stdout]    --> /opt/rustwide/cargo-home/registry/src/index.crates.io-6f17d22bba15001f/xml-rs-0.1.19/src/writer/emitter.rs:242:43
[INFO] [stdout]     |
[INFO] [stdout] 242 |     pub fn emit_processing_instruction<W: Writer>(&mut self,
[INFO] [stdout]     |                                           ^^^^^^ not found in this scope
[INFO] [stdout] 
[INFO] [stdout] 
[INFO] [stdout] error[E0405]: cannot find trait `Writer` in this scope
[INFO] [stdout]    --> /opt/rustwide/cargo-home/registry/src/index.crates.io-6f17d22bba15001f/xml-rs-0.1.19/src/writer/emitter.rs:263:18
[INFO] [stdout]     |
[INFO] [stdout] 263 |         where W: Writer,
[INFO] [stdout]     |                  ^^^^^^ not found in this scope
[INFO] [stdout] 
[INFO] [stdout] 
[INFO] [stdout] error[E0405]: cannot find trait `Writer` in this scope
[INFO] [stdout]    --> /opt/rustwide/cargo-home/registry/src/index.crates.io-6f17d22bba15001f/xml-rs-0.1.19/src/writer/emitter.rs:282:18
[INFO] [stdout]     |
[INFO] [stdout] 282 |         where W: Writer,
[INFO] [stdout]     |                  ^^^^^^ not found in this scope
[INFO] [stdout] 
[INFO] [stdout] 
[INFO] [stdout] error[E0405]: cannot find trait `Writer` in this scope
[INFO] [stdout]    --> /opt/rustwide/cargo-home/registry/src/index.crates.io-6f17d22bba15001f/xml-rs-0.1.19/src/writer/emitter.rs:295:18
[INFO] [stdout]     |
[INFO] [stdout] 295 |         where W: Writer,
[INFO] [stdout]     |                  ^^^^^^ not found in this scope
[INFO] [stdout] 
[INFO] [stdout] 
[INFO] [stdout] error[E0405]: cannot find trait `Writer` in this scope
[INFO] [stdout]    --> /opt/rustwide/cargo-home/registry/src/index.crates.io-6f17d22bba15001f/xml-rs-0.1.19/src/writer/emitter.rs:306:18
[INFO] [stdout]     |
[INFO] [stdout] 306 |         where W: Writer,
[INFO] [stdout]     |                  ^^^^^^ not found in this scope
[INFO] [stdout] 
[INFO] [stdout] 
[INFO] [stdout] error[E0405]: cannot find trait `Writer` in this scope
[INFO] [stdout]    --> /opt/rustwide/cargo-home/registry/src/index.crates.io-6f17d22bba15001f/xml-rs-0.1.19/src/writer/emitter.rs:322:31
[INFO] [stdout]     |
[INFO] [stdout] 322 |     pub fn emit_attributes<W: Writer>(&mut self, target: &mut W,
[INFO] [stdout]     |                               ^^^^^^ not found in this scope
[INFO] [stdout] 
[INFO] [stdout] 
[INFO] [stdout] error[E0405]: cannot find trait `Writer` in this scope
[INFO] [stdout]    --> /opt/rustwide/cargo-home/registry/src/index.crates.io-6f17d22bba15001f/xml-rs-0.1.19/src/writer/emitter.rs:330:32
[INFO] [stdout]     |
[INFO] [stdout] 330 |     pub fn emit_end_element<W: Writer>(&mut self, target: &mut W,
[INFO] [stdout]     |                                ^^^^^^ not found in this scope
[INFO] [stdout] 
[INFO] [stdout] 
[INFO] [stdout] error[E0405]: cannot find trait `Writer` in this scope
[INFO] [stdout]    --> /opt/rustwide/cargo-home/registry/src/index.crates.io-6f17d22bba15001f/xml-rs-0.1.19/src/writer/emitter.rs:337:26
[INFO] [stdout]     |
[INFO] [stdout] 337 |     pub fn emit_cdata<W: Writer>(&mut self, target: &mut W, content: &str) -> EmitterResult<()> {
[INFO] [stdout]     |                          ^^^^^^ not found in this scope
[INFO] [stdout] 
[INFO] [stdout] 
[INFO] [stdout] error[E0405]: cannot find trait `Writer` in this scope
[INFO] [stdout]    --> /opt/rustwide/cargo-home/registry/src/index.crates.io-6f17d22bba15001f/xml-rs-0.1.19/src/writer/emitter.rs:349:31
[INFO] [stdout]     |
[INFO] [stdout] 349 |     pub fn emit_characters<W: Writer>(&mut self, target: &mut W,
[INFO] [stdout]     |                               ^^^^^^ not found in this scope
[INFO] [stdout] 
[INFO] [stdout] 
[INFO] [stdout] error[E0405]: cannot find trait `Writer` in this scope
[INFO] [stdout]    --> /opt/rustwide/cargo-home/registry/src/index.crates.io-6f17d22bba15001f/xml-rs-0.1.19/src/writer/emitter.rs:356:28
[INFO] [stdout]     |
[INFO] [stdout] 356 |     pub fn emit_comment<W: Writer>(&mut self, target: &mut W, content: &str) -> EmitterResult<()> {
[INFO] [stdout]     |                            ^^^^^^ not found in this scope
[INFO] [stdout] 
[INFO] [stdout] 
[INFO] [stdout] error[E0405]: cannot find trait `Writer` in this scope
[INFO] [stdout]   --> /opt/rustwide/cargo-home/registry/src/index.crates.io-6f17d22bba15001f/xml-rs-0.1.19/src/writer/mod.rs:18:9
[INFO] [stdout]    |
[INFO] [stdout] 18 | impl<W: Writer> EventWriter<W> {
[INFO] [stdout]    |         ^^^^^^ not found in this scope
[INFO] [stdout] 
[INFO] [stdout] 
[INFO] [stdout] error[E0603]: module `range` is private
[INFO] [stdout]    --> /opt/rustwide/cargo-home/registry/src/index.crates.io-6f17d22bba15001f/xml-rs-0.1.19/src/writer/emitter.rs:156:24
[INFO] [stdout]     |
[INFO] [stdout] 156 |         for _ in iter::range(0, level) {
[INFO] [stdout]     |                        ^^^^^ private module
[INFO] [stdout]     |
[INFO] [stdout] note: the module `range` is defined here
[INFO] [stdout]    --> /rustc/9610dfe5a9a731ced1ea4923ecbd0c57fe367898/library/core/src/iter/mod.rs:457:1
[INFO] [stdout] 
[INFO] [stdout] 
[INFO] [stdout] error[E0405]: cannot find trait `FromError` in module `std::error`
[INFO] [stdout]    --> /opt/rustwide/cargo-home/registry/src/index.crates.io-6f17d22bba15001f/rustc-serialize-0.3.0/src/json.rs:418:18
[INFO] [stdout]     |
[INFO] [stdout] 418 | impl std::error::FromError<fmt::Error> for EncoderError {
[INFO] [stdout]     |                  ^^^^^^^^^ not found in `std::error`
[INFO] [stdout] 
[INFO] [stdout] 
[INFO] [stdout] error[E0425]: cannot find function `cast` in module `num`
[INFO] [stdout]     --> /opt/rustwide/cargo-home/registry/src/index.crates.io-6f17d22bba15001f/rustc-serialize-0.3.0/src/json.rs:1094:34
[INFO] [stdout]      |
[INFO] [stdout] 1094 |             Json::U64(n) => num::cast(n),
[INFO] [stdout]      |                                  ^^^^ not found in `num`
[INFO] [stdout] 
[INFO] [stdout] 
[INFO] [stdout] error[E0405]: cannot find trait `FromError` in module `std::error`
[INFO] [stdout]    --> /opt/rustwide/cargo-home/registry/src/index.crates.io-6f17d22bba15001f/rustc-serialize-0.2.15/src/json.rs:418:18
[INFO] [stdout]     |
[INFO] [stdout] 418 | impl std::error::FromError<fmt::Error> for EncoderError {
[INFO] [stdout]     |                  ^^^^^^^^^ not found in `std::error`
[INFO] [stdout] 
[INFO] [stdout] 
[INFO] [stdout] error[E0425]: cannot find function `cast` in module `num`
[INFO] [stdout]     --> /opt/rustwide/cargo-home/registry/src/index.crates.io-6f17d22bba15001f/rustc-serialize-0.2.15/src/json.rs:1090:34
[INFO] [stdout]      |
[INFO] [stdout] 1090 |             Json::U64(n) => num::cast(n),
[INFO] [stdout]      |                                  ^^^^ not found in `num`
[INFO] [stdout] 
[INFO] [stdout] 
[INFO] [stdout] error[E0425]: cannot find function `cast` in module `num`
[INFO] [stdout]     --> /opt/rustwide/cargo-home/registry/src/index.crates.io-6f17d22bba15001f/rustc-serialize-0.3.0/src/json.rs:1103:34
[INFO] [stdout]      |
[INFO] [stdout] 1103 |             Json::I64(n) => num::cast(n),
[INFO] [stdout]      |                                  ^^^^ not found in `num`
[INFO] [stdout] 
[INFO] [stdout] 
[INFO] [stdout] error[E0425]: cannot find function `cast` in module `num`
[INFO] [stdout]     --> /opt/rustwide/cargo-home/registry/src/index.crates.io-6f17d22bba15001f/rustc-serialize-0.2.15/src/json.rs:1099:34
[INFO] [stdout]      |
[INFO] [stdout] 1099 |             Json::I64(n) => num::cast(n),
[INFO] [stdout]      |                                  ^^^^ not found in `num`
[INFO] [stdout] 
[INFO] [stdout] 
[INFO] [stdout] error[E0425]: cannot find function `cast` in module `num`
[INFO] [stdout]     --> /opt/rustwide/cargo-home/registry/src/index.crates.io-6f17d22bba15001f/rustc-serialize-0.3.0/src/json.rs:1113:34
[INFO] [stdout]      |
[INFO] [stdout] 1113 |             Json::I64(n) => num::cast(n),
[INFO] [stdout]      |                                  ^^^^ not found in `num`
[INFO] [stdout] 
[INFO] [stdout] 
[INFO] [stdout] error[E0425]: cannot find function `cast` in module `num`
[INFO] [stdout]     --> /opt/rustwide/cargo-home/registry/src/index.crates.io-6f17d22bba15001f/rustc-serialize-0.3.0/src/json.rs:1114:34
[INFO] [stdout]      |
[INFO] [stdout] 1114 |             Json::U64(n) => num::cast(n),
[INFO] [stdout]      |                                  ^^^^ not found in `num`
[INFO] [stdout] 
[INFO] [stdout] 
[INFO] [stdout] error[E0425]: cannot find function `cast` in module `num`
[INFO] [stdout]     --> /opt/rustwide/cargo-home/registry/src/index.crates.io-6f17d22bba15001f/rustc-serialize-0.2.15/src/json.rs:1109:34
[INFO] [stdout]      |
[INFO] [stdout] 1109 |             Json::I64(n) => num::cast(n),
[INFO] [stdout]      |                                  ^^^^ not found in `num`
[INFO] [stdout] 
[INFO] [stdout] 
[INFO] [stdout] error[E0425]: cannot find function `cast` in module `num`
[INFO] [stdout]     --> /opt/rustwide/cargo-home/registry/src/index.crates.io-6f17d22bba15001f/rustc-serialize-0.2.15/src/json.rs:1110:34
[INFO] [stdout]      |
[INFO] [stdout] 1110 |             Json::U64(n) => num::cast(n),
[INFO] [stdout]      |                                  ^^^^ not found in `num`
[INFO] [stdout] 
[INFO] [stdout] 
[INFO] [stdout] error[E0425]: cannot find function `cast` in module `num`
[INFO] [stdout]     --> /opt/rustwide/cargo-home/registry/src/index.crates.io-6f17d22bba15001f/rustc-serialize-0.3.0/src/json.rs:2026:44
[INFO] [stdout]      |
[INFO] [stdout] 2026 |                 Json::I64(f) => match num::cast(f) {
[INFO] [stdout]      |                                            ^^^^ not found in `num`
[INFO] [stdout] ...
[INFO] [stdout] 2054 |     read_primitive! { read_usize, usize }
[INFO] [stdout]      |     ------------------------------------- in this macro invocation
[INFO] [stdout]      |
[INFO] [stdout]      = note: this error originates in the macro `read_primitive` (in Nightly builds, run with -Z macro-backtrace for more info)
[INFO] [stdout] 
[INFO] [stdout] 
[INFO] [stdout] error[E0425]: cannot find function `cast` in module `num`
[INFO] [stdout]     --> /opt/rustwide/cargo-home/registry/src/index.crates.io-6f17d22bba15001f/rustc-serialize-0.3.0/src/json.rs:2030:44
[INFO] [stdout]      |
[INFO] [stdout] 2030 |                 Json::U64(f) => match num::cast(f) {
[INFO] [stdout]      |                                            ^^^^ not found in `num`
[INFO] [stdout] ...
[INFO] [stdout] 2054 |     read_primitive! { read_usize, usize }
[INFO] [stdout]      |     ------------------------------------- in this macro invocation
[INFO] [stdout]      |
[INFO] [stdout]      = note: this error originates in the macro `read_primitive` (in Nightly builds, run with -Z macro-backtrace for more info)
[INFO] [stdout] 
[INFO] [stdout] 
[INFO] [stdout] error[E0425]: cannot find function `cast` in module `num`
[INFO] [stdout]     --> /opt/rustwide/cargo-home/registry/src/index.crates.io-6f17d22bba15001f/rustc-serialize-0.2.15/src/json.rs:2022:44
[INFO] [stdout]      |
[INFO] [stdout] 2022 |                 Json::I64(f) => match num::cast(f) {
[INFO] [stdout]      |                                            ^^^^ not found in `num`
[INFO] [stdout] ...
[INFO] [stdout] 2050 |     read_primitive! { read_usize, usize }
[INFO] [stdout]      |     ------------------------------------- in this macro invocation
[INFO] [stdout]      |
[INFO] [stdout]      = note: this error originates in the macro `read_primitive` (in Nightly builds, run with -Z macro-backtrace for more info)
[INFO] [stdout] 
[INFO] [stdout] 
[INFO] [stdout] error[E0425]: cannot find function `cast` in module `num`
[INFO] [stdout]     --> /opt/rustwide/cargo-home/registry/src/index.crates.io-6f17d22bba15001f/rustc-serialize-0.3.0/src/json.rs:2026:44
[INFO] [stdout]      |
[INFO] [stdout] 2026 |                 Json::I64(f) => match num::cast(f) {
[INFO] [stdout]      |                                            ^^^^ not found in `num`
[INFO] [stdout] ...
[INFO] [stdout] 2055 |     read_primitive! { read_u8, u8 }
[INFO] [stdout]      |     ------------------------------- in this macro invocation
[INFO] [stdout]      |
[INFO] [stdout]      = note: this error originates in the macro `read_primitive` (in Nightly builds, run with -Z macro-backtrace for more info)
[INFO] [stdout] 
[INFO] [stdout] 
[INFO] [stdout] error[E0425]: cannot find function `cast` in module `num`
[INFO] [stdout]     --> /opt/rustwide/cargo-home/registry/src/index.crates.io-6f17d22bba15001f/rustc-serialize-0.2.15/src/json.rs:2026:44
[INFO] [stdout]      |
[INFO] [stdout] 2026 |                 Json::U64(f) => match num::cast(f) {
[INFO] [stdout]      |                                            ^^^^ not found in `num`
[INFO] [stdout] ...
[INFO] [stdout] 2050 |     read_primitive! { read_usize, usize }
[INFO] [stdout]      |     ------------------------------------- in this macro invocation
[INFO] [stdout]      |
[INFO] [stdout]      = note: this error originates in the macro `read_primitive` (in Nightly builds, run with -Z macro-backtrace for more info)
[INFO] [stdout] 
[INFO] [stdout] 
[INFO] [stdout] error[E0425]: cannot find function `cast` in module `num`
[INFO] [stdout]     --> /opt/rustwide/cargo-home/registry/src/index.crates.io-6f17d22bba15001f/rustc-serialize-0.2.15/src/json.rs:2022:44
[INFO] [stdout]      |
[INFO] [stdout] 2022 |                 Json::I64(f) => match num::cast(f) {
[INFO] [stdout]      |                                            ^^^^ not found in `num`
[INFO] [stdout] ...
[INFO] [stdout] 2051 |     read_primitive! { read_u8, u8 }
[INFO] [stdout]      |     ------------------------------- in this macro invocation
[INFO] [stdout]      |
[INFO] [stdout]      = note: this error originates in the macro `read_primitive` (in Nightly builds, run with -Z macro-backtrace for more info)
[INFO] [stdout] 
[INFO] [stdout] 
[INFO] [stdout] error[E0425]: cannot find function `cast` in module `num`
[INFO] [stdout]     --> /opt/rustwide/cargo-home/registry/src/index.crates.io-6f17d22bba15001f/rustc-serialize-0.3.0/src/json.rs:2030:44
[INFO] [stdout]      |
[INFO] [stdout] 2030 |                 Json::U64(f) => match num::cast(f) {
[INFO] [stdout]      |                                            ^^^^ not found in `num`
[INFO] [stdout] ...
[INFO] [stdout] 2055 |     read_primitive! { read_u8, u8 }
[INFO] [stdout]      |     ------------------------------- in this macro invocation
[INFO] [stdout]      |
[INFO] [stdout]      = note: this error originates in the macro `read_primitive` (in Nightly builds, run with -Z macro-backtrace for more info)
[INFO] [stdout] 
[INFO] [stdout] 
[INFO] [stdout] error[E0425]: cannot find function `cast` in module `num`
[INFO] [stdout]     --> /opt/rustwide/cargo-home/registry/src/index.crates.io-6f17d22bba15001f/rustc-serialize-0.2.15/src/json.rs:2026:44
[INFO] [stdout]      |
[INFO] [stdout] 2026 |                 Json::U64(f) => match num::cast(f) {
[INFO] [stdout]      |                                            ^^^^ not found in `num`
[INFO] [stdout] ...
[INFO] [stdout] 2051 |     read_primitive! { read_u8, u8 }
[INFO] [stdout]      |     ------------------------------- in this macro invocation
[INFO] [stdout]      |
[INFO] [stdout]      = note: this error originates in the macro `read_primitive` (in Nightly builds, run with -Z macro-backtrace for more info)
[INFO] [stdout] 
[INFO] [stdout] 
[INFO] [stdout] error[E0425]: cannot find function `cast` in module `num`
[INFO] [stdout]     --> /opt/rustwide/cargo-home/registry/src/index.crates.io-6f17d22bba15001f/rustc-serialize-0.3.0/src/json.rs:2026:44
[INFO] [stdout]      |
[INFO] [stdout] 2026 |                 Json::I64(f) => match num::cast(f) {
[INFO] [stdout]      |                                            ^^^^ not found in `num`
[INFO] [stdout] ...
[INFO] [stdout] 2056 |     read_primitive! { read_u16, u16 }
[INFO] [stdout]      |     --------------------------------- in this macro invocation
[INFO] [stdout]      |
[INFO] [stdout]      = note: this error originates in the macro `read_primitive` (in Nightly builds, run with -Z macro-backtrace for more info)
[INFO] [stdout] 
[INFO] [stdout] 
[INFO] [stdout] error[E0425]: cannot find function `cast` in module `num`
[INFO] [stdout]     --> /opt/rustwide/cargo-home/registry/src/index.crates.io-6f17d22bba15001f/rustc-serialize-0.2.15/src/json.rs:2022:44
[INFO] [stdout]      |
[INFO] [stdout] 2022 |                 Json::I64(f) => match num::cast(f) {
[INFO] [stdout]      |                                            ^^^^ not found in `num`
[INFO] [stdout] ...
[INFO] [stdout] 2052 |     read_primitive! { read_u16, u16 }
[INFO] [stdout]      |     --------------------------------- in this macro invocation
[INFO] [stdout]      |
[INFO] [stdout]      = note: this error originates in the macro `read_primitive` (in Nightly builds, run with -Z macro-backtrace for more info)
[INFO] [stdout] 
[INFO] [stdout] 
[INFO] [stdout] error[E0425]: cannot find function `cast` in module `num`
[INFO] [stdout]     --> /opt/rustwide/cargo-home/registry/src/index.crates.io-6f17d22bba15001f/rustc-serialize-0.3.0/src/json.rs:2030:44
[INFO] [stdout]      |
[INFO] [stdout] 2030 |                 Json::U64(f) => match num::cast(f) {
[INFO] [stdout]      |                                            ^^^^ not found in `num`
[INFO] [stdout] ...
[INFO] [stdout] 2056 |     read_primitive! { read_u16, u16 }
[INFO] [stdout]      |     --------------------------------- in this macro invocation
[INFO] [stdout]      |
[INFO] [stdout]      = note: this error originates in the macro `read_primitive` (in Nightly builds, run with -Z macro-backtrace for more info)
[INFO] [stdout] 
[INFO] [stdout] 
[INFO] [stdout] error[E0635]: unknown feature `collections`
[INFO] [stdout]  --> /opt/rustwide/cargo-home/registry/src/index.crates.io-6f17d22bba15001f/xml-rs-0.1.19/src/lib.rs:3:12
[INFO] [stdout]   |
[INFO] [stdout] 3 | #![feature(collections, core, hash, io, std_misc)]
[INFO] [stdout]   |            ^^^^^^^^^^^
[INFO] [stdout] 
[INFO] [stdout] 
[INFO] [stdout] error[E0425]: cannot find function `cast` in module `num`
[INFO] [stdout]     --> /opt/rustwide/cargo-home/registry/src/index.crates.io-6f17d22bba15001f/rustc-serialize-0.2.15/src/json.rs:2026:44
[INFO] [stdout]      |
[INFO] [stdout] 2026 |                 Json::U64(f) => match num::cast(f) {
[INFO] [stdout]      |                                            ^^^^ not found in `num`
[INFO] [stdout] ...
[INFO] [stdout] 2052 |     read_primitive! { read_u16, u16 }
[INFO] [stdout]      |     --------------------------------- in this macro invocation
[INFO] [stdout]      |
[INFO] [stdout]      = note: this error originates in the macro `read_primitive` (in Nightly builds, run with -Z macro-backtrace for more info)
[INFO] [stdout] 
[INFO] [stdout] 
[INFO] [stdout] error[E0635]: unknown feature `std_misc`
[INFO] [stdout]  --> /opt/rustwide/cargo-home/registry/src/index.crates.io-6f17d22bba15001f/xml-rs-0.1.19/src/lib.rs:3:41
[INFO] [stdout]   |
[INFO] [stdout] 3 | #![feature(collections, core, hash, io, std_misc)]
[INFO] [stdout]   |                                         ^^^^^^^^
[INFO] [stdout] 
[INFO] [stdout] 
[INFO] [stdout] error[E0425]: cannot find function `cast` in module `num`
[INFO] [stdout]     --> /opt/rustwide/cargo-home/registry/src/index.crates.io-6f17d22bba15001f/rustc-serialize-0.2.15/src/json.rs:2022:44
[INFO] [stdout]      |
[INFO] [stdout] 2022 |                 Json::I64(f) => match num::cast(f) {
[INFO] [stdout]      |                                            ^^^^ not found in `num`
[INFO] [stdout] ...
[INFO] [stdout] 2053 |     read_primitive! { read_u32, u32 }
[INFO] [stdout]      |     --------------------------------- in this macro invocation
[INFO] [stdout]      |
[INFO] [stdout]      = note: this error originates in the macro `read_primitive` (in Nightly builds, run with -Z macro-backtrace for more info)
[INFO] [stdout] 
[INFO] [stdout] 
[INFO] [stdout] error[E0635]: unknown feature `hash`
[INFO] [stdout]  --> /opt/rustwide/cargo-home/registry/src/index.crates.io-6f17d22bba15001f/xml-rs-0.1.19/src/lib.rs:3:31
[INFO] [stdout]   |
[INFO] [stdout] 3 | #![feature(collections, core, hash, io, std_misc)]
[INFO] [stdout]   |                               ^^^^
[INFO] [stdout] 
[INFO] [stdout] 
[INFO] [stdout] error[E0425]: cannot find function `cast` in module `num`
[INFO] [stdout]     --> /opt/rustwide/cargo-home/registry/src/index.crates.io-6f17d22bba15001f/rustc-serialize-0.3.0/src/json.rs:2026:44
[INFO] [stdout]      |
[INFO] [stdout] 2026 |                 Json::I64(f) => match num::cast(f) {
[INFO] [stdout]      |                                            ^^^^ not found in `num`
[INFO] [stdout] ...
[INFO] [stdout] 2057 |     read_primitive! { read_u32, u32 }
[INFO] [stdout]      |     --------------------------------- in this macro invocation
[INFO] [stdout]      |
[INFO] [stdout]      = note: this error originates in the macro `read_primitive` (in Nightly builds, run with -Z macro-backtrace for more info)
[INFO] [stdout] 
[INFO] [stdout] 
[INFO] [stdout] error[E0635]: unknown feature `io`
[INFO] [stdout]  --> /opt/rustwide/cargo-home/registry/src/index.crates.io-6f17d22bba15001f/xml-rs-0.1.19/src/lib.rs:3:37
[INFO] [stdout]   |
[INFO] [stdout] 3 | #![feature(collections, core, hash, io, std_misc)]
[INFO] [stdout]   |                                     ^^
[INFO] [stdout] 
[INFO] [stdout] 
[INFO] [stdout] error[E0425]: cannot find function `cast` in module `num`
[INFO] [stdout]     --> /opt/rustwide/cargo-home/registry/src/index.crates.io-6f17d22bba15001f/rustc-serialize-0.2.15/src/json.rs:2026:44
[INFO] [stdout]      |
[INFO] [stdout] 2026 |                 Json::U64(f) => match num::cast(f) {
[INFO] [stdout]      |                                            ^^^^ not found in `num`
[INFO] [stdout] ...
[INFO] [stdout] 2053 |     read_primitive! { read_u32, u32 }
[INFO] [stdout]      |     --------------------------------- in this macro invocation
[INFO] [stdout]      |
[INFO] [stdout]      = note: this error originates in the macro `read_primitive` (in Nightly builds, run with -Z macro-backtrace for more info)
[INFO] [stdout] 
[INFO] [stdout] 
[INFO] [stdout] error[E0425]: cannot find function `cast` in module `num`
[INFO] [stdout]     --> /opt/rustwide/cargo-home/registry/src/index.crates.io-6f17d22bba15001f/rustc-serialize-0.2.15/src/json.rs:2022:44
[INFO] [stdout]      |
[INFO] [stdout] 2022 |                 Json::I64(f) => match num::cast(f) {
[INFO] [stdout]      |                                            ^^^^ not found in `num`
[INFO] [stdout] ...
[INFO] [stdout] 2054 |     read_primitive! { read_u64, u64 }
[INFO] [stdout]      |     --------------------------------- in this macro invocation
[INFO] [stdout]      |
[INFO] [stdout]      = note: this error originates in the macro `read_primitive` (in Nightly builds, run with -Z macro-backtrace for more info)
[INFO] [stdout] 
[INFO] [stdout] 
[INFO] [stdout] error[E0425]: cannot find function `cast` in module `num`
[INFO] [stdout]     --> /opt/rustwide/cargo-home/registry/src/index.crates.io-6f17d22bba15001f/rustc-serialize-0.3.0/src/json.rs:2030:44
[INFO] [stdout]      |
[INFO] [stdout] 2030 |                 Json::U64(f) => match num::cast(f) {
[INFO] [stdout]      |                                            ^^^^ not found in `num`
[INFO] [stdout] ...
[INFO] [stdout] 2057 |     read_primitive! { read_u32, u32 }
[INFO] [stdout]      |     --------------------------------- in this macro invocation
[INFO] [stdout]      |
[INFO] [stdout]      = note: this error originates in the macro `read_primitive` (in Nightly builds, run with -Z macro-backtrace for more info)
[INFO] [stdout] 
[INFO] [stdout] 
[INFO] [stdout] error[E0425]: cannot find function `cast` in module `num`
[INFO] [stdout]     --> /opt/rustwide/cargo-home/registry/src/index.crates.io-6f17d22bba15001f/rustc-serialize-0.2.15/src/json.rs:2026:44
[INFO] [stdout]      |
[INFO] [stdout] 2026 |                 Json::U64(f) => match num::cast(f) {
[INFO] [stdout]      |                                            ^^^^ not found in `num`
[INFO] [stdout] ...
[INFO] [stdout] 2054 |     read_primitive! { read_u64, u64 }
[INFO] [stdout]      |     --------------------------------- in this macro invocation
[INFO] [stdout]      |
[INFO] [stdout]      = note: this error originates in the macro `read_primitive` (in Nightly builds, run with -Z macro-backtrace for more info)
[INFO] [stdout] 
[INFO] [stdout] 
[INFO] [stdout] error[E0425]: cannot find function `cast` in module `num`
[INFO] [stdout]     --> /opt/rustwide/cargo-home/registry/src/index.crates.io-6f17d22bba15001f/rustc-serialize-0.2.15/src/json.rs:2022:44
[INFO] [stdout]      |
[INFO] [stdout] 2022 |                 Json::I64(f) => match num::cast(f) {
[INFO] [stdout]      |                                            ^^^^ not found in `num`
[INFO] [stdout] ...
[INFO] [stdout] 2055 |     read_primitive! { read_isize, isize }
[INFO] [stdout]      |     ------------------------------------- in this macro invocation
[INFO] [stdout]      |
[INFO] [stdout]      = note: this error originates in the macro `read_primitive` (in Nightly builds, run with -Z macro-backtrace for more info)
[INFO] [stdout] 
[INFO] [stdout] 
[INFO] [stdout] error[E0425]: cannot find function `cast` in module `num`
[INFO] [stdout]     --> /opt/rustwide/cargo-home/registry/src/index.crates.io-6f17d22bba15001f/rustc-serialize-0.3.0/src/json.rs:2026:44
[INFO] [stdout]      |
[INFO] [stdout] 2026 |                 Json::I64(f) => match num::cast(f) {
[INFO] [stdout]      |                                            ^^^^ not found in `num`
[INFO] [stdout] ...
[INFO] [stdout] 2058 |     read_primitive! { read_u64, u64 }
[INFO] [stdout]      |     --------------------------------- in this macro invocation
[INFO] [stdout]      |
[INFO] [stdout]      = note: this error originates in the macro `read_primitive` (in Nightly builds, run with -Z macro-backtrace for more info)
[INFO] [stdout] 
[INFO] [stdout] 
[INFO] [stdout] error[E0425]: cannot find function `cast` in module `num`
[INFO] [stdout]     --> /opt/rustwide/cargo-home/registry/src/index.crates.io-6f17d22bba15001f/rustc-serialize-0.3.0/src/json.rs:2030:44
[INFO] [stdout]      |
[INFO] [stdout] 2030 |                 Json::U64(f) => match num::cast(f) {
[INFO] [stdout]      |                                            ^^^^ not found in `num`
[INFO] [stdout] ...
[INFO] [stdout] 2058 |     read_primitive! { read_u64, u64 }
[INFO] [stdout]      |     --------------------------------- in this macro invocation
[INFO] [stdout]      |
[INFO] [stdout]      = note: this error originates in the macro `read_primitive` (in Nightly builds, run with -Z macro-backtrace for more info)
[INFO] [stdout] 
[INFO] [stdout] 
[INFO] [stdout] error[E0425]: cannot find function `cast` in module `num`
[INFO] [stdout]     --> /opt/rustwide/cargo-home/registry/src/index.crates.io-6f17d22bba15001f/rustc-serialize-0.2.15/src/json.rs:2026:44
[INFO] [stdout]      |
[INFO] [stdout] 2026 |                 Json::U64(f) => match num::cast(f) {
[INFO] [stdout]      |                                            ^^^^ not found in `num`
[INFO] [stdout] ...
[INFO] [stdout] 2055 |     read_primitive! { read_isize, isize }
[INFO] [stdout]      |     ------------------------------------- in this macro invocation
[INFO] [stdout]      |
[INFO] [stdout]      = note: this error originates in the macro `read_primitive` (in Nightly builds, run with -Z macro-backtrace for more info)
[INFO] [stdout] 
[INFO] [stdout] 
[INFO] [stdout] error[E0425]: cannot find function `cast` in module `num`
[INFO] [stdout]     --> /opt/rustwide/cargo-home/registry/src/index.crates.io-6f17d22bba15001f/rustc-serialize-0.2.15/src/json.rs:2022:44
[INFO] [stdout]      |
[INFO] [stdout] 2022 |                 Json::I64(f) => match num::cast(f) {
[INFO] [stdout]      |                                            ^^^^ not found in `num`
[INFO] [stdout] ...
[INFO] [stdout] 2056 |     read_primitive! { read_i8, i8 }
[INFO] [stdout]      |     ------------------------------- in this macro invocation
[INFO] [stdout]      |
[INFO] [stdout]      = note: this error originates in the macro `read_primitive` (in Nightly builds, run with -Z macro-backtrace for more info)
[INFO] [stdout] 
[INFO] [stdout] 
[INFO] [stdout] error[E0425]: cannot find function `cast` in module `num`
[INFO] [stdout]     --> /opt/rustwide/cargo-home/registry/src/index.crates.io-6f17d22bba15001f/rustc-serialize-0.2.15/src/json.rs:2026:44
[INFO] [stdout]      |
[INFO] [stdout] 2026 |                 Json::U64(f) => match num::cast(f) {
[INFO] [stdout]      |                                            ^^^^ not found in `num`
[INFO] [stdout] ...
[INFO] [stdout] 2056 |     read_primitive! { read_i8, i8 }
[INFO] [stdout]      |     ------------------------------- in this macro invocation
[INFO] [stdout]      |
[INFO] [stdout]      = note: this error originates in the macro `read_primitive` (in Nightly builds, run with -Z macro-backtrace for more info)
[INFO] [stdout] 
[INFO] [stdout] 
[INFO] [stdout] error[E0425]: cannot find function `cast` in module `num`
[INFO] [stdout]     --> /opt/rustwide/cargo-home/registry/src/index.crates.io-6f17d22bba15001f/rustc-serialize-0.3.0/src/json.rs:2026:44
[INFO] [stdout]      |
[INFO] [stdout] 2026 |                 Json::I64(f) => match num::cast(f) {
[INFO] [stdout]      |                                            ^^^^ not found in `num`
[INFO] [stdout] ...
[INFO] [stdout] 2059 |     read_primitive! { read_isize, isize }
[INFO] [stdout]      |     ------------------------------------- in this macro invocation
[INFO] [stdout]      |
[INFO] [stdout]      = note: this error originates in the macro `read_primitive` (in Nightly builds, run with -Z macro-backtrace for more info)
[INFO] [stdout] 
[INFO] [stdout] 
[INFO] [stdout] error[E0425]: cannot find function `cast` in module `num`
[INFO] [stdout]     --> /opt/rustwide/cargo-home/registry/src/index.crates.io-6f17d22bba15001f/rustc-serialize-0.3.0/src/json.rs:2030:44
[INFO] [stdout]      |
[INFO] [stdout] 2030 |                 Json::U64(f) => match num::cast(f) {
[INFO] [stdout]      |                                            ^^^^ not found in `num`
[INFO] [stdout] ...
[INFO] [stdout] 2059 |     read_primitive! { read_isize, isize }
[INFO] [stdout]      |     ------------------------------------- in this macro invocation
[INFO] [stdout]      |
[INFO] [stdout]      = note: this error originates in the macro `read_primitive` (in Nightly builds, run with -Z macro-backtrace for more info)
[INFO] [stdout] 
[INFO] [stdout] 
[INFO] [stdout] error[E0425]: cannot find function `cast` in module `num`
[INFO] [stdout]     --> /opt/rustwide/cargo-home/registry/src/index.crates.io-6f17d22bba15001f/rustc-serialize-0.2.15/src/json.rs:2022:44
[INFO] [stdout]      |
[INFO] [stdout] 2022 |                 Json::I64(f) => match num::cast(f) {
[INFO] [stdout]      |                                            ^^^^ not found in `num`
[INFO] [stdout] ...
[INFO] [stdout] 2057 |     read_primitive! { read_i16, i16 }
[INFO] [stdout]      |     --------------------------------- in this macro invocation
[INFO] [stdout]      |
[INFO] [stdout]      = note: this error originates in the macro `read_primitive` (in Nightly builds, run with -Z macro-backtrace for more info)
[INFO] [stdout] 
[INFO] [stdout] 
[INFO] [stdout] error[E0425]: cannot find function `cast` in module `num`
[INFO] [stdout]     --> /opt/rustwide/cargo-home/registry/src/index.crates.io-6f17d22bba15001f/rustc-serialize-0.3.0/src/json.rs:2026:44
[INFO] [stdout]      |
[INFO] [stdout] 2026 |                 Json::I64(f) => match num::cast(f) {
[INFO] [stdout]      |                                            ^^^^ not found in `num`
[INFO] [stdout] ...
[INFO] [stdout] 2060 |     read_primitive! { read_i8, i8 }
[INFO] [stdout]      |     ------------------------------- in this macro invocation
[INFO] [stdout]      |
[INFO] [stdout]      = note: this error originates in the macro `read_primitive` (in Nightly builds, run with -Z macro-backtrace for more info)
[INFO] [stdout] 
[INFO] [stdout] 
[INFO] [stdout] error[E0425]: cannot find function `cast` in module `num`
[INFO] [stdout]     --> /opt/rustwide/cargo-home/registry/src/index.crates.io-6f17d22bba15001f/rustc-serialize-0.2.15/src/json.rs:2026:44
[INFO] [stdout]      |
[INFO] [stdout] 2026 |                 Json::U64(f) => match num::cast(f) {
[INFO] [stdout]      |                                            ^^^^ not found in `num`
[INFO] [stdout] ...
[INFO] [stdout] 2057 |     read_primitive! { read_i16, i16 }
[INFO] [stdout]      |     --------------------------------- in this macro invocation
[INFO] [stdout]      |
[INFO] [stdout]      = note: this error originates in the macro `read_primitive` (in Nightly builds, run with -Z macro-backtrace for more info)
[INFO] [stdout] 
[INFO] [stdout] 
[INFO] [stdout] error[E0425]: cannot find function `cast` in module `num`
[INFO] [stdout]     --> /opt/rustwide/cargo-home/registry/src/index.crates.io-6f17d22bba15001f/rustc-serialize-0.2.15/src/json.rs:2022:44
[INFO] [stdout]      |
[INFO] [stdout] 2022 |                 Json::I64(f) => match num::cast(f) {
[INFO] [stdout]      |                                            ^^^^ not found in `num`
[INFO] [stdout] ...
[INFO] [stdout] 2058 |     read_primitive! { read_i32, i32 }
[INFO] [stdout]      |     --------------------------------- in this macro invocation
[INFO] [stdout]      |
[INFO] [stdout]      = note: this error originates in the macro `read_primitive` (in Nightly builds, run with -Z macro-backtrace for more info)
[INFO] [stdout] 
[INFO] [stdout] 
[INFO] [stdout] error[E0425]: cannot find function `cast` in module `num`
[INFO] [stdout]     --> /opt/rustwide/cargo-home/registry/src/index.crates.io-6f17d22bba15001f/rustc-serialize-0.3.0/src/json.rs:2030:44
[INFO] [stdout]      |
[INFO] [stdout] 2030 |                 Json::U64(f) => match num::cast(f) {
[INFO] [stdout]      |                                            ^^^^ not found in `num`
[INFO] [stdout] ...
[INFO] [stdout] 2060 |     read_primitive! { read_i8, i8 }
[INFO] [stdout]      |     ------------------------------- in this macro invocation
[INFO] [stdout]      |
[INFO] [stdout]      = note: this error originates in the macro `read_primitive` (in Nightly builds, run with -Z macro-backtrace for more info)
[INFO] [stdout] 
[INFO] [stdout] 
[INFO] [stdout] error[E0425]: cannot find function `cast` in module `num`
[INFO] [stdout]     --> /opt/rustwide/cargo-home/registry/src/index.crates.io-6f17d22bba15001f/rustc-serialize-0.2.15/src/json.rs:2026:44
[INFO] [stdout]      |
[INFO] [stdout] 2026 |                 Json::U64(f) => match num::cast(f) {
[INFO] [stdout]      |                                            ^^^^ not found in `num`
[INFO] [stdout] ...
[INFO] [stdout] 2058 |     read_primitive! { read_i32, i32 }
[INFO] [stdout]      |     --------------------------------- in this macro invocation
[INFO] [stdout]      |
[INFO] [stdout]      = note: this error originates in the macro `read_primitive` (in Nightly builds, run with -Z macro-backtrace for more info)
[INFO] [stdout] 
[INFO] [stdout] 
[INFO] [stdout] error[E0425]: cannot find function `cast` in module `num`
[INFO] [stdout]     --> /opt/rustwide/cargo-home/registry/src/index.crates.io-6f17d22bba15001f/rustc-serialize-0.3.0/src/json.rs:2026:44
[INFO] [stdout]      |
[INFO] [stdout] 2026 |                 Json::I64(f) => match num::cast(f) {
[INFO] [stdout]      |                                            ^^^^ not found in `num`
[INFO] [stdout] ...
[INFO] [stdout] 2061 |     read_primitive! { read_i16, i16 }
[INFO] [stdout]      |     --------------------------------- in this macro invocation
[INFO] [stdout]      |
[INFO] [stdout]      = note: this error originates in the macro `read_primitive` (in Nightly builds, run with -Z macro-backtrace for more info)
[INFO] [stdout] 
[INFO] [stdout] 
[INFO] [stdout] error[E0425]: cannot find function `cast` in module `num`
[INFO] [stdout]     --> /opt/rustwide/cargo-home/registry/src/index.crates.io-6f17d22bba15001f/rustc-serialize-0.2.15/src/json.rs:2022:44
[INFO] [stdout]      |
[INFO] [stdout] 2022 |                 Json::I64(f) => match num::cast(f) {
[INFO] [stdout]      |                                            ^^^^ not found in `num`
[INFO] [stdout] ...
[INFO] [stdout] 2059 |     read_primitive! { read_i64, i64 }
[INFO] [stdout]      |     --------------------------------- in this macro invocation
[INFO] [stdout]      |
[INFO] [stdout]      = note: this error originates in the macro `read_primitive` (in Nightly builds, run with -Z macro-backtrace for more info)
[INFO] [stdout] 
[INFO] [stdout] 
[INFO] [stdout] error[E0425]: cannot find function `cast` in module `num`
[INFO] [stdout]     --> /opt/rustwide/cargo-home/registry/src/index.crates.io-6f17d22bba15001f/rustc-serialize-0.3.0/src/json.rs:2030:44
[INFO] [stdout]      |
[INFO] [stdout] 2030 |                 Json::U64(f) => match num::cast(f) {
[INFO] [stdout]      |                                            ^^^^ not found in `num`
[INFO] [stdout] ...
[INFO] [stdout] 2061 |     read_primitive! { read_i16, i16 }
[INFO] [stdout]      |     --------------------------------- in this macro invocation
[INFO] [stdout]      |
[INFO] [stdout]      = note: this error originates in the macro `read_primitive` (in Nightly builds, run with -Z macro-backtrace for more info)
[INFO] [stdout] 
[INFO] [stdout] 
[INFO] [stdout] error[E0425]: cannot find function `cast` in module `num`
[INFO] [stdout]     --> /opt/rustwide/cargo-home/registry/src/index.crates.io-6f17d22bba15001f/rustc-serialize-0.3.0/src/json.rs:2026:44
[INFO] [stdout]      |
[INFO] [stdout] 2026 |                 Json::I64(f) => match num::cast(f) {
[INFO] [stdout]      |                                            ^^^^ not found in `num`
[INFO] [stdout] ...
[INFO] [stdout] 2062 |     read_primitive! { read_i32, i32 }
[INFO] [stdout]      |     --------------------------------- in this macro invocation
[INFO] [stdout]      |
[INFO] [stdout]      = note: this error originates in the macro `read_primitive` (in Nightly builds, run with -Z macro-backtrace for more info)
[INFO] [stdout] 
[INFO] [stdout] 
[INFO] [stdout] error[E0425]: cannot find function `cast` in module `num`
[INFO] [stdout]     --> /opt/rustwide/cargo-home/registry/src/index.crates.io-6f17d22bba15001f/rustc-serialize-0.2.15/src/json.rs:2026:44
[INFO] [stdout]      |
[INFO] [stdout] 2026 |                 Json::U64(f) => match num::cast(f) {
[INFO] [stdout]      |                                            ^^^^ not found in `num`
[INFO] [stdout] ...
[INFO] [stdout] 2059 |     read_primitive! { read_i64, i64 }
[INFO] [stdout]      |     --------------------------------- in this macro invocation
[INFO] [stdout]      |
[INFO] [stdout]      = note: this error originates in the macro `read_primitive` (in Nightly builds, run with -Z macro-backtrace for more info)
[INFO] [stdout] 
[INFO] [stdout] 
[INFO] [stdout] error[E0425]: cannot find function `cast` in module `num`
[INFO] [stdout]     --> /opt/rustwide/cargo-home/registry/src/index.crates.io-6f17d22bba15001f/rustc-serialize-0.3.0/src/json.rs:2030:44
[INFO] [stdout]      |
[INFO] [stdout] 2030 |                 Json::U64(f) => match num::cast(f) {
[INFO] [stdout]      |                                            ^^^^ not found in `num`
[INFO] [stdout] ...
[INFO] [stdout] 2062 |     read_primitive! { read_i32, i32 }
[INFO] [stdout]      |     --------------------------------- in this macro invocation
[INFO] [stdout]      |
[INFO] [stdout]      = note: this error originates in the macro `read_primitive` (in Nightly builds, run with -Z macro-backtrace for more info)
[INFO] [stdout] 
[INFO] [stdout] 
[INFO] [stdout] error[E0425]: cannot find function `cast` in module `num`
[INFO] [stdout]     --> /opt/rustwide/cargo-home/registry/src/index.crates.io-6f17d22bba15001f/rustc-serialize-0.3.0/src/json.rs:2026:44
[INFO] [stdout]      |
[INFO] [stdout] 2026 |                 Json::I64(f) => match num::cast(f) {
[INFO] [stdout]      |                                            ^^^^ not found in `num`
[INFO] [stdout] ...
[INFO] [stdout] 2063 |     read_primitive! { read_i64, i64 }
[INFO] [stdout]      |     --------------------------------- in this macro invocation
[INFO] [stdout]      |
[INFO] [stdout]      = note: this error originates in the macro `read_primitive` (in Nightly builds, run with -Z macro-backtrace for more info)
[INFO] [stdout] 
[INFO] [stdout] 
[INFO] [stdout] error[E0425]: cannot find function `cast` in module `num`
[INFO] [stdout]     --> /opt/rustwide/cargo-home/registry/src/index.crates.io-6f17d22bba15001f/rustc-serialize-0.3.0/src/json.rs:2030:44
[INFO] [stdout]      |
[INFO] [stdout] 2030 |                 Json::U64(f) => match num::cast(f) {
[INFO] [stdout]      |                                            ^^^^ not found in `num`
[INFO] [stdout] ...
[INFO] [stdout] 2063 |     read_primitive! { read_i64, i64 }
[INFO] [stdout]      |     --------------------------------- in this macro invocation
[INFO] [stdout]      |
[INFO] [stdout]      = note: this error originates in the macro `read_primitive` (in Nightly builds, run with -Z macro-backtrace for more info)
[INFO] [stdout] 
[INFO] [stdout] 
[INFO] [stdout] error: aborting due to 34 previous errors
[INFO] [stdout] 
[INFO] [stdout] 
[INFO] [stdout] Some errors have detailed explanations: E0405, E0423, E0432, E0603, E0635.
[INFO] [stdout] 
[INFO] [stdout] For more information about an error, try `rustc --explain E0405`.
[INFO] [stdout] 
[INFO] [stderr] error: could not compile `xml-rs` (lib) due to 35 previous errors
[INFO] [stdout] error[E0635]: unknown feature `path`
[INFO] [stdout]   --> /opt/rustwide/cargo-home/registry/src/index.crates.io-6f17d22bba15001f/rustc-serialize-0.3.0/src/lib.rs:13:64
[INFO] [stdout]    |
[INFO] [stdout] 13 | #![feature(core, collections, unicode, io, std_misc, old_path, path, os)]
[INFO] [stdout]    |                                                                ^^^^
[INFO] [stdout] 
[INFO] [stdout] 
[INFO] [stdout] error[E0635]: unknown feature `path`
[INFO] [stdout]   --> /opt/rustwide/cargo-home/registry/src/index.crates.io-6f17d22bba15001f/rustc-serialize-0.2.15/src/lib.rs:13:68
[INFO] [stdout]    |
[INFO] [stdout] 13 | #![feature(core, collections, unicode, old_io, std_misc, old_path, path, os)]
[INFO] [stdout]    |                                                                    ^^^^
[INFO] [stdout] 
[INFO] [stdout] 
[INFO] [stdout] error[E0635]: unknown feature `collections`
[INFO] [stdout]   --> /opt/rustwide/cargo-home/registry/src/index.crates.io-6f17d22bba15001f/rustc-serialize-0.3.0/src/lib.rs:13:18
[INFO] [stdout]    |
[INFO] [stdout] 13 | #![feature(core, collections, unicode, io, std_misc, old_path, path, os)]
[INFO] [stdout]    |                  ^^^^^^^^^^^
[INFO] [stdout] 
[INFO] [stdout] 
[INFO] [stdout] error[E0635]: unknown feature `collections`
[INFO] [stdout]   --> /opt/rustwide/cargo-home/registry/src/index.crates.io-6f17d22bba15001f/rustc-serialize-0.2.15/src/lib.rs:13:18
[INFO] [stdout]    |
[INFO] [stdout] 13 | #![feature(core, collections, unicode, old_io, std_misc, old_path, path, os)]
[INFO] [stdout]    |                  ^^^^^^^^^^^
[INFO] [stdout] 
[INFO] [stdout] 
[INFO] [stdout] error[E0635]: unknown feature `unicode`
[INFO] [stdout]   --> /opt/rustwide/cargo-home/registry/src/index.crates.io-6f17d22bba15001f/rustc-serialize-0.3.0/src/lib.rs:13:31
[INFO] [stdout]    |
[INFO] [stdout] 13 | #![feature(core, collections, unicode, io, std_misc, old_path, path, os)]
[INFO] [stdout]    |                               ^^^^^^^
[INFO] [stdout] 
[INFO] [stdout] 
[INFO] [stdout] error[E0635]: unknown feature `unicode`
[INFO] [stdout]   --> /opt/rustwide/cargo-home/registry/src/index.crates.io-6f17d22bba15001f/rustc-serialize-0.2.15/src/lib.rs:13:31
[INFO] [stdout]    |
[INFO] [stdout] 13 | #![feature(core, collections, unicode, old_io, std_misc, old_path, path, os)]
[INFO] [stdout]    |                               ^^^^^^^
[INFO] [stdout] 
[INFO] [stdout] 
[INFO] [stdout] error[E0635]: unknown feature `io`
[INFO] [stdout]   --> /opt/rustwide/cargo-home/registry/src/index.crates.io-6f17d22bba15001f/rustc-serialize-0.3.0/src/lib.rs:13:40
[INFO] [stdout]    |
[INFO] [stdout] 13 | #![feature(core, collections, unicode, io, std_misc, old_path, path, os)]
[INFO] [stdout]    |                                        ^^
[INFO] [stdout] 
[INFO] [stdout] 
[INFO] [stdout] error[E0635]: unknown feature `old_io`
[INFO] [stdout]   --> /opt/rustwide/cargo-home/registry/src/index.crates.io-6f17d22bba15001f/rustc-serialize-0.2.15/src/lib.rs:13:40
[INFO] [stdout]    |
[INFO] [stdout] 13 | #![feature(core, collections, unicode, old_io, std_misc, old_path, path, os)]
[INFO] [stdout]    |                                        ^^^^^^
[INFO] [stdout] 
[INFO] [stdout] 
[INFO] [stdout] error[E0635]: unknown feature `std_misc`
[INFO] [stdout]   --> /opt/rustwide/cargo-home/registry/src/index.crates.io-6f17d22bba15001f/rustc-serialize-0.3.0/src/lib.rs:13:44
[INFO] [stdout]    |
[INFO] [stdout] 13 | #![feature(core, collections, unicode, io, std_misc, old_path, path, os)]
[INFO] [stdout]    |                                            ^^^^^^^^
[INFO] [stdout] 
[INFO] [stdout] 
[INFO] [stdout] error[E0635]: unknown feature `std_misc`
[INFO] [stdout]   --> /opt/rustwide/cargo-home/registry/src/index.crates.io-6f17d22bba15001f/rustc-serialize-0.2.15/src/lib.rs:13:48
[INFO] [stdout]    |
[INFO] [stdout] 13 | #![feature(core, collections, unicode, old_io, std_misc, old_path, path, os)]
[INFO] [stdout]    |                                                ^^^^^^^^
[INFO] [stdout] 
[INFO] [stdout] 
[INFO] [stdout] error[E0635]: unknown feature `old_path`
[INFO] [stdout]   --> /opt/rustwide/cargo-home/registry/src/index.crates.io-6f17d22bba15001f/rustc-serialize-0.3.0/src/lib.rs:13:54
[INFO] [stdout]    |
[INFO] [stdout] 13 | #![feature(core, collections, unicode, io, std_misc, old_path, path, os)]
[INFO] [stdout]    |                                                      ^^^^^^^^
[INFO] [stdout] 
[INFO] [stdout] 
[INFO] [stdout] error[E0635]: unknown feature `old_path`
[INFO] [stdout]   --> /opt/rustwide/cargo-home/registry/src/index.crates.io-6f17d22bba15001f/rustc-serialize-0.2.15/src/lib.rs:13:58
[INFO] [stdout]    |
[INFO] [stdout] 13 | #![feature(core, collections, unicode, old_io, std_misc, old_path, path, os)]
[INFO] [stdout]    |                                                          ^^^^^^^^
[INFO] [stdout] 
[INFO] [stdout] 
[INFO] [stdout] error: aborting due to 41 previous errors
[INFO] [stdout] 
[INFO] [stdout] 
[INFO] [stdout] Some errors have detailed explanations: E0405, E0425, E0432, E0463, E0635, E0642.
[INFO] [stdout] 
[INFO] [stdout] error: aborting due to 40 previous errors
[INFO] [stdout] 
[INFO] [stdout] 
[INFO] [stdout] For more information about an error, try `rustc --explain E0405`.
[INFO] [stdout] 
[INFO] [stdout] Some errors have detailed explanations: E0405, E0425, E0432, E0463, E0635, E0642.
[INFO] [stdout] 
[INFO] [stdout] For more information about an error, try `rustc --explain E0405`.
[INFO] [stdout] 
[INFO] [stderr] error: could not compile `rustc-serialize` (lib) due to 41 previous errors
[INFO] [stderr] error: could not compile `rustc-serialize` (lib) due to 42 previous errors
[INFO] running `Command { std: "docker" "inspect" "4e05908fbbdda45b879e80da11a92a43e0f3ca064efcbea6b612d6dfb980fdd2", kill_on_drop: false }`
[INFO] running `Command { std: "docker" "rm" "-f" "4e05908fbbdda45b879e80da11a92a43e0f3ca064efcbea6b612d6dfb980fdd2", kill_on_drop: false }`
[INFO] [stdout] 4e05908fbbdda45b879e80da11a92a43e0f3ca064efcbea6b612d6dfb980fdd2
